Last updated on 2023-12-06 04:56:10 CET.
Flavor | Version | Tinstall | Tcheck | Ttotal | Status | Flags |
---|---|---|---|---|---|---|
r-devel-linux-x86_64-debian-clang | 0.1.1 | 4.10 | 38.40 | 42.50 | NOTE | |
r-devel-linux-x86_64-debian-gcc | 0.1.1 | 3.08 | 29.85 | 32.93 | NOTE | |
r-devel-linux-x86_64-fedora-clang | 0.1.1 | 53.39 | NOTE | |||
r-devel-linux-x86_64-fedora-gcc | 0.1.1 | 54.68 | NOTE | |||
r-devel-windows-x86_64 | 0.1.1 | 5.00 | 51.00 | 56.00 | NOTE | |
r-patched-linux-x86_64 | 0.1.1 | 4.66 | 37.96 | 42.62 | NOTE | |
r-release-linux-x86_64 | 0.1.1 | 4.51 | 37.34 | 41.85 | NOTE | |
r-release-macos-arm64 | 0.1.1 | 20.00 | NOTE | |||
r-release-macos-x86_64 | 0.1.1 | 31.00 | NOTE | |||
r-release-windows-x86_64 | 0.1.1 | 6.00 | 53.00 | 59.00 | NOTE | |
r-oldrel-macos-arm64 | 0.1.1 | 22.00 | NOTE | |||
r-oldrel-macos-x86_64 | 0.1.1 | 30.00 | NOTE | |||
r-oldrel-windows-x86_64 | 0.1.1 | 7.00 | 55.00 | 62.00 | NOTE |
Version: 0.1.1
Check: LazyData
Result: NOTE
'LazyData' is specified without a 'data' directory
Flavors: r-devel-linux-x86_64-debian-clang, r-devel-linux-x86_64-debian-gcc, r-devel-linux-x86_64-fedora-clang, r-devel-linux-x86_64-fedora-gcc, r-devel-windows-x86_64, r-patched-linux-x86_64, r-release-linux-x86_64, r-release-macos-arm64, r-release-macos-x86_64, r-release-windows-x86_64, r-oldrel-macos-arm64, r-oldrel-macos-x86_64, r-oldrel-windows-x86_64