Last updated on 2023-12-07 04:56:41 CET.
Flavor | Version | Tinstall | Tcheck | Ttotal | Status | Flags |
---|---|---|---|---|---|---|
r-devel-linux-x86_64-debian-clang | 0.7.0 | 10.90 | 83.57 | 94.47 | NOTE | |
r-devel-linux-x86_64-debian-gcc | 0.7.0 | 7.80 | 62.52 | 70.32 | NOTE | |
r-devel-linux-x86_64-fedora-clang | 0.7.0 | 116.56 | NOTE | |||
r-devel-linux-x86_64-fedora-gcc | 0.7.0 | 109.34 | NOTE | |||
r-devel-windows-x86_64 | 0.7.0 | 11.00 | 81.00 | 92.00 | NOTE | |
r-patched-linux-x86_64 | 0.7.0 | 10.82 | 78.24 | 89.06 | OK | |
r-release-linux-x86_64 | 0.7.0 | 7.59 | 77.31 | 84.90 | OK | |
r-release-macos-arm64 | 0.7.0 | 21.00 | OK | |||
r-release-macos-x86_64 | 0.7.0 | 49.00 | OK | |||
r-release-windows-x86_64 | 0.7.0 | 14.00 | 93.00 | 107.00 | OK | |
r-oldrel-macos-arm64 | 0.7.0 | 22.00 | OK | |||
r-oldrel-macos-x86_64 | 0.7.0 | 49.00 | OK | |||
r-oldrel-windows-x86_64 | 0.7.0 | 15.00 | 96.00 | 111.00 | OK |
Version: 0.7.0
Check: Rd \usage sections
Result: NOTE
Documented arguments not in \usage in Rd file 'boxplot_VICI.Rd':
‘res_2plot’
Functions with \usage entries need to have the appropriate \alias
entries, and all their arguments documented.
The \usage entries must correspond to syntactically valid R code.
See chapter ‘Writing R documentation files’ in the ‘Writing R
Extensions’ manual.
Flavors: r-devel-linux-x86_64-debian-clang, r-devel-linux-x86_64-debian-gcc, r-devel-linux-x86_64-fedora-clang, r-devel-linux-x86_64-fedora-gcc, r-devel-windows-x86_64