CRAN Package Check Results for Package vhcub

Last updated on 2023-12-04 05:09:25 CET.

Flavor Version Tinstall Tcheck Ttotal Status Flags
r-devel-linux-x86_64-debian-clang 1.0.0 22.20 210.32 232.52 NOTE
r-devel-linux-x86_64-debian-gcc 1.0.0 16.17 156.63 172.80 NOTE
r-devel-linux-x86_64-fedora-clang 1.0.0 278.42 NOTE
r-devel-linux-x86_64-fedora-gcc 1.0.0 270.53 NOTE
r-devel-windows-x86_64 1.0.0 18.00 152.00 170.00 NOTE
r-patched-linux-x86_64 1.0.0 14.77 201.56 216.33 NOTE
r-release-linux-x86_64 1.0.0 13.39 201.25 214.64 NOTE
r-release-macos-arm64 1.0.0 82.00 NOTE
r-release-macos-x86_64 1.0.0 165.00 NOTE
r-release-windows-x86_64 1.0.0 24.00 196.00 220.00 NOTE
r-oldrel-macos-arm64 1.0.0 54.00 NOTE
r-oldrel-macos-x86_64 1.0.0 11.00 ERROR
r-oldrel-windows-x86_64 1.0.0 25.00 196.00 221.00 NOTE

Additional issues

donttest

Check Details

Version: 1.0.0
Check: LazyData
Result: NOTE 'LazyData' is specified without a 'data' directory Flavors: r-devel-linux-x86_64-debian-clang, r-devel-linux-x86_64-debian-gcc, r-devel-linux-x86_64-fedora-clang, r-devel-linux-x86_64-fedora-gcc, r-devel-windows-x86_64, r-patched-linux-x86_64, r-release-linux-x86_64, r-release-macos-arm64, r-release-macos-x86_64, r-release-windows-x86_64, r-oldrel-macos-arm64, r-oldrel-windows-x86_64

Version: 1.0.0
Check: package dependencies
Result: ERROR Package required but not available: ‘coRdon’ See section ‘The DESCRIPTION file’ in the ‘Writing R Extensions’ manual. Flavor: r-oldrel-macos-x86_64