CRAN Package Check Results for Package vegclust

Last updated on 2024-07-19 05:57:48 CEST.

Flavor Version Tinstall Tcheck Ttotal Status Flags
r-devel-linux-x86_64-debian-clang 2.0.2 12.34 126.17 138.51 NOTE
r-devel-linux-x86_64-debian-gcc 2.0.2 10.10 94.38 104.48 NOTE
r-devel-linux-x86_64-fedora-clang 2.0.2 174.90 NOTE
r-devel-linux-x86_64-fedora-gcc 2.0.2 178.76 NOTE
r-devel-windows-x86_64 2.0.2 11.00 112.00 123.00 NOTE
r-patched-linux-x86_64 2.0.2 10.67 124.86 135.53 NOTE
r-release-linux-x86_64 2.0.2 11.19 123.36 134.55 NOTE
r-release-macos-arm64 2.0.2 55.00 NOTE
r-release-macos-x86_64 2.0.2 82.00 NOTE
r-release-windows-x86_64 2.0.2 10.00 109.00 119.00 NOTE
r-oldrel-macos-arm64 2.0.2 59.00 OK
r-oldrel-macos-x86_64 2.0.2 95.00 OK
r-oldrel-windows-x86_64 2.0.2 14.00 130.00 144.00 OK

Check Details

Version: 2.0.2
Check: Rd files
Result: NOTE checkRd: (-1) as.vegclust.Rd:24: Lost braces in \itemize; meant \describe ? checkRd: (-1) as.vegclust.Rd:25: Lost braces in \itemize; meant \describe ? checkRd: (-1) as.vegclust.Rd:26: Lost braces in \itemize; meant \describe ? checkRd: (-1) as.vegclust.Rd:27: Lost braces in \itemize; meant \describe ? checkRd: (-1) as.vegclust.Rd:28: Lost braces in \itemize; meant \describe ? checkRd: (-1) as.vegclust.Rd:29: Lost braces in \itemize; meant \describe ? checkRd: (-1) as.vegclust.Rd:30: Lost braces in \itemize; meant \describe ? checkRd: (-1) as.vegclust.Rd:31: Lost braces in \itemize; meant \describe ? checkRd: (-1) as.vegclust.Rd:32: Lost braces in \itemize; meant \describe ? checkRd: (-1) as.vegclust.Rd:33: Lost braces in \itemize; meant \describe ? checkRd: (-1) hier.vegclust.Rd:22: Lost braces; missing escapes or markup? 22 | For \code{hier.vegclust} and {random.vegclust}, a site (rows) by species (columns) matrix or data frame. For \code{hier.vegclustdist} and {random.vegclustdist}, a square distance matrix. | ^ checkRd: (-1) hier.vegclust.Rd:22: Lost braces; missing escapes or markup? 22 | For \code{hier.vegclust} and {random.vegclust}, a site (rows) by species (columns) matrix or data frame. For \code{hier.vegclustdist} and {random.vegclustdist}, a square distance matrix. | ^ checkRd: (-1) incr.vegclust.Rd:23: Lost braces in \itemize; meant \describe ? checkRd: (-1) incr.vegclust.Rd:24: Lost braces in \itemize; meant \describe ? checkRd: (-1) incr.vegclust.Rd:25: Lost braces in \itemize; meant \describe ? checkRd: (-1) incr.vegclust.Rd:26: Lost braces in \itemize; meant \describe ? checkRd: (-1) vegclust.Rd:38: Lost braces in \itemize; meant \describe ? checkRd: (-1) vegclust.Rd:39: Lost braces in \itemize; meant \describe ? checkRd: (-1) vegclust.Rd:40: Lost braces in \itemize; meant \describe ? checkRd: (-1) vegclust.Rd:41: Lost braces in \itemize; meant \describe ? checkRd: (-1) vegclust.Rd:42: Lost braces in \itemize; meant \describe ? checkRd: (-1) vegclust.Rd:43: Lost braces in \itemize; meant \describe ? checkRd: (-1) vegclust.Rd:44: Lost braces in \itemize; meant \describe ? checkRd: (-1) vegclust.Rd:45: Lost braces in \itemize; meant \describe ? checkRd: (-1) vegclust.Rd:46: Lost braces in \itemize; meant \describe ? checkRd: (-1) vegclust.Rd:47: Lost braces in \itemize; meant \describe ? Flavors: r-devel-linux-x86_64-debian-clang, r-devel-linux-x86_64-debian-gcc, r-devel-linux-x86_64-fedora-clang, r-devel-linux-x86_64-fedora-gcc, r-devel-windows-x86_64, r-patched-linux-x86_64, r-release-linux-x86_64, r-release-macos-arm64, r-release-macos-x86_64, r-release-windows-x86_64