Last updated on 2023-12-03 04:56:25 CET.
Flavor | Version | Tinstall | Tcheck | Ttotal | Status | Flags |
---|---|---|---|---|---|---|
r-devel-linux-x86_64-debian-clang | 0.8-5 | 15.00 | 226.90 | 241.90 | NOTE | |
r-devel-linux-x86_64-debian-gcc | 0.8-5 | 10.55 | 167.01 | 177.56 | NOTE | |
r-devel-linux-x86_64-fedora-clang | 0.8-5 | 305.66 | NOTE | |||
r-devel-linux-x86_64-fedora-gcc | 0.8-5 | 320.30 | OK | |||
r-devel-windows-x86_64 | 0.8-5 | 14.00 | 201.00 | 215.00 | OK | |
r-patched-linux-x86_64 | 0.8-5 | 20.84 | 218.34 | 239.18 | OK | |
r-release-linux-x86_64 | 0.8-5 | 9.74 | 215.72 | 225.46 | OK | |
r-release-macos-arm64 | 0.8-5 | 91.00 | OK | |||
r-release-macos-x86_64 | 0.8-5 | 178.00 | OK | |||
r-release-windows-x86_64 | 0.8-5 | 19.00 | 261.00 | 280.00 | OK | |
r-oldrel-macos-arm64 | 0.8-5 | 81.00 | OK | |||
r-oldrel-macos-x86_64 | 0.8-5 | 110.00 | OK | |||
r-oldrel-windows-x86_64 | 0.8-5 | 19.00 | 257.00 | 276.00 | OK |
Version: 0.8-5
Check: Rd files
Result: NOTE
checkRd: (-1) datasets.Rd:15: Lost braces
15 | and dimension information (\code{dim} or code{length}) of each item,
| ^
Flavors: r-devel-linux-x86_64-debian-clang, r-devel-linux-x86_64-debian-gcc
Version: 0.8-5
Check: Rd cross-references
Result: NOTE
Undeclared package ‘factoextra’ in Rd xrefs
Flavor: r-devel-linux-x86_64-fedora-clang