CRAN Package Check Results for Package vasicekreg

Last updated on 2023-10-02 05:58:14 CEST.

Flavor Version Tinstall Tcheck Ttotal Status Flags
r-devel-linux-x86_64-debian-clang 1.0.1 34.65 82.49 117.14 NOTE
r-devel-linux-x86_64-debian-gcc 1.0.1 25.87 63.42 89.29 NOTE
r-devel-linux-x86_64-fedora-clang 1.0.1 156.07 NOTE
r-devel-linux-x86_64-fedora-gcc 1.0.1 155.05 NOTE
r-devel-windows-x86_64 1.0.1 30.00 96.00 126.00 NOTE
r-patched-linux-x86_64 1.0.1 36.32 79.71 116.03 NOTE
r-release-linux-x86_64 1.0.1 36.83 79.17 116.00 NOTE
r-release-macos-arm64 1.0.1 46.00 NOTE
r-release-macos-x86_64 1.0.1 75.00 NOTE
r-release-windows-x86_64 1.0.1 37.00 112.00 149.00 NOTE
r-oldrel-macos-arm64 1.0.1 43.00 OK
r-oldrel-macos-x86_64 1.0.1 57.00 OK
r-oldrel-windows-x86_64 1.0.1 34.00 109.00 143.00 OK

Check Details

Version: 1.0.1
Check: package subdirectories
Result: NOTE
    Problems with news in ‘NEWS.md’:
    No news entries found.
Flavors: r-devel-linux-x86_64-debian-clang, r-devel-linux-x86_64-debian-gcc, r-devel-linux-x86_64-fedora-clang, r-devel-linux-x86_64-fedora-gcc, r-devel-windows-x86_64, r-patched-linux-x86_64, r-release-linux-x86_64, r-release-macos-arm64, r-release-macos-x86_64, r-release-windows-x86_64