Last updated on 2023-12-02 04:52:33 CET.
Flavor | Version | Tinstall | Tcheck | Ttotal | Status | Flags |
---|---|---|---|---|---|---|
r-devel-linux-x86_64-debian-clang | 0.1.1 | 8.02 | 70.17 | 78.19 | NOTE | |
r-devel-linux-x86_64-debian-gcc | 0.1.1 | 7.11 | 53.60 | 60.71 | NOTE | |
r-devel-linux-x86_64-fedora-clang | 0.1.1 | 100.41 | NOTE | |||
r-devel-linux-x86_64-fedora-gcc | 0.1.1 | 92.48 | NOTE | |||
r-devel-windows-x86_64 | 0.1.1 | 8.00 | 71.00 | 79.00 | NOTE | |
r-patched-linux-x86_64 | 0.1.1 | 6.29 | 69.50 | 75.79 | NOTE | |
r-release-linux-x86_64 | 0.1.1 | 8.05 | 68.81 | 76.86 | NOTE | |
r-release-macos-arm64 | 0.1.1 | 33.00 | NOTE | |||
r-release-macos-x86_64 | 0.1.1 | 52.00 | NOTE | |||
r-release-windows-x86_64 | 0.1.1 | 10.00 | 84.00 | 94.00 | NOTE | |
r-oldrel-macos-arm64 | 0.1.1 | 30.00 | NOTE | |||
r-oldrel-macos-x86_64 | 0.1.1 | 43.00 | NOTE | |||
r-oldrel-windows-x86_64 | 0.1.1 | 10.00 | 85.00 | 95.00 | NOTE |
Version: 0.1.1
Check: LazyData
Result: NOTE
'LazyData' is specified without a 'data' directory
Flavors: r-devel-linux-x86_64-debian-clang, r-devel-linux-x86_64-debian-gcc, r-devel-linux-x86_64-fedora-clang, r-devel-linux-x86_64-fedora-gcc, r-devel-windows-x86_64, r-patched-linux-x86_64, r-release-linux-x86_64, r-release-macos-arm64, r-release-macos-x86_64, r-release-windows-x86_64, r-oldrel-macos-arm64, r-oldrel-macos-x86_64, r-oldrel-windows-x86_64