Last updated on 2023-12-10 04:56:16 CET.
Flavor | Version | Tinstall | Tcheck | Ttotal | Status | Flags |
---|---|---|---|---|---|---|
r-devel-linux-x86_64-debian-clang | 1.0-1 | 12.05 | 85.69 | 97.74 | OK | |
r-devel-linux-x86_64-debian-gcc | 1.0-1 | 8.97 | 67.57 | 76.54 | OK | |
r-devel-linux-x86_64-fedora-clang | 1.0-1 | 121.54 | NOTE | |||
r-devel-linux-x86_64-fedora-gcc | 1.0-1 | 116.33 | NOTE | |||
r-devel-windows-x86_64 | 1.0-1 | 12.00 | 83.00 | 95.00 | OK | |
r-patched-linux-x86_64 | 1.0-1 | 9.89 | 84.91 | 94.80 | OK | |
r-release-linux-x86_64 | 1.0-1 | 8.01 | 84.07 | 92.08 | OK | |
r-release-macos-arm64 | 1.0-1 | 47.00 | OK | |||
r-release-macos-x86_64 | 1.0-1 | 75.00 | OK | |||
r-release-windows-x86_64 | 1.0-1 | 17.00 | 81.00 | 98.00 | OK | |
r-oldrel-macos-arm64 | 1.0-1 | 38.00 | OK | |||
r-oldrel-macos-x86_64 | 1.0-1 | 58.00 | OK | |||
r-oldrel-windows-x86_64 | 1.0-1 | 15.00 | 101.00 | 116.00 | OK |
Version: 1.0-1
Check: compiled code
Result: NOTE
File ‘valorate/libs/valorate.so’:
Found no calls to: ‘R_registerRoutines’, ‘R_useDynamicSymbols’
It is good practice to register native routines and to disable symbol
search.
See ‘Writing portable packages’ in the ‘Writing R Extensions’ manual.
Flavors: r-devel-linux-x86_64-fedora-clang, r-devel-linux-x86_64-fedora-gcc