Last updated on 2023-12-01 04:54:14 CET.
Flavor | Version | Tinstall | Tcheck | Ttotal | Status | Flags |
---|---|---|---|---|---|---|
r-devel-linux-x86_64-debian-clang | 1.1.3 | 11.16 | 100.50 | 111.66 | NOTE | |
r-devel-linux-x86_64-debian-gcc | 1.1.3 | 10.00 | 76.57 | 86.57 | NOTE | |
r-devel-linux-x86_64-fedora-clang | 1.1.3 | 141.40 | NOTE | |||
r-devel-linux-x86_64-fedora-gcc | 1.1.3 | 145.93 | NOTE | |||
r-devel-windows-x86_64 | 1.1.3 | 12.00 | 126.00 | 138.00 | NOTE | |
r-patched-linux-x86_64 | 1.1.3 | 14.19 | 95.96 | 110.15 | OK | |
r-release-linux-x86_64 | 1.1.3 | 11.64 | 95.95 | 107.59 | OK | |
r-release-macos-arm64 | 1.1.3 | 48.00 | OK | |||
r-release-macos-x86_64 | 1.1.3 | 81.00 | OK | |||
r-release-windows-x86_64 | 1.1.3 | 16.00 | 133.00 | 149.00 | OK | |
r-oldrel-macos-arm64 | 1.1.3 | 42.00 | OK | |||
r-oldrel-macos-x86_64 | 1.1.3 | 62.00 | OK | |||
r-oldrel-windows-x86_64 | 1.1.3 | 22.00 | 132.00 | 154.00 | OK |
Version: 1.1.3
Check: Rd \usage sections
Result: NOTE
Documented arguments not in \usage in Rd file 'validate_extend.Rd':
‘varlist:’
Functions with \usage entries need to have the appropriate \alias
entries, and all their arguments documented.
The \usage entries must correspond to syntactically valid R code.
See chapter ‘Writing R documentation files’ in the ‘Writing R
Extensions’ manual.
Flavors: r-devel-linux-x86_64-debian-clang, r-devel-linux-x86_64-debian-gcc, r-devel-linux-x86_64-fedora-clang, r-devel-linux-x86_64-fedora-gcc, r-devel-windows-x86_64