Last updated on 2023-12-02 04:52:33 CET.
Flavor | Version | Tinstall | Tcheck | Ttotal | Status | Flags |
---|---|---|---|---|---|---|
r-devel-linux-x86_64-debian-clang | 1.0.2 | 4.08 | 78.55 | 82.63 | OK | |
r-devel-linux-x86_64-debian-gcc | 1.0.2 | 3.99 | 60.01 | 64.00 | OK | |
r-devel-linux-x86_64-fedora-clang | 1.0.2 | 102.72 | OK | |||
r-devel-linux-x86_64-fedora-gcc | 1.0.2 | 110.79 | OK | |||
r-devel-windows-x86_64 | 1.0.2 | 5.00 | 84.00 | 89.00 | OK | |
r-patched-linux-x86_64 | 1.0.2 | 5.35 | 75.54 | 80.89 | OK | |
r-release-linux-x86_64 | 1.0.2 | 5.55 | 74.21 | 79.76 | OK | |
r-release-macos-arm64 | 1.0.2 | 56.00 | OK | |||
r-release-macos-x86_64 | 1.0.2 | 108.00 | OK | |||
r-release-windows-x86_64 | 1.0.2 | 5.00 | 92.00 | 97.00 | OK | |
r-oldrel-macos-arm64 | 1.0.2 | 37.00 | OK | |||
r-oldrel-macos-x86_64 | 1.0.1 | 40.00 | NOTE | |||
r-oldrel-windows-x86_64 | 1.0.2 | 9.00 | 90.00 | 99.00 | OK |
Version: 1.0.1
Check: LazyData
Result: NOTE
'LazyData' is specified without a 'data' directory
Flavor: r-oldrel-macos-x86_64