Last updated on 2023-12-04 05:09:25 CET.
Flavor | Version | Tinstall | Tcheck | Ttotal | Status | Flags |
---|---|---|---|---|---|---|
r-devel-linux-x86_64-debian-clang | 1.0.4 | 2.89 | 22.23 | 25.12 | NOTE | |
r-devel-linux-x86_64-debian-gcc | 1.0.4 | 2.10 | 17.52 | 19.62 | NOTE | |
r-devel-linux-x86_64-fedora-clang | 1.0.4 | 33.40 | NOTE | |||
r-devel-linux-x86_64-fedora-gcc | 1.0.4 | 31.40 | NOTE | |||
r-devel-windows-x86_64 | 1.0.4 | 3.00 | 44.00 | 47.00 | NOTE | |
r-patched-linux-x86_64 | 1.0.4 | 2.36 | 21.88 | 24.24 | NOTE | |
r-release-linux-x86_64 | 1.0.4 | 2.74 | 21.99 | 24.73 | NOTE | |
r-release-macos-arm64 | 1.0.4 | 20.00 | NOTE | |||
r-release-macos-x86_64 | 1.0.4 | 23.00 | NOTE | |||
r-release-windows-x86_64 | 1.0.4 | 3.00 | 45.00 | 48.00 | NOTE | |
r-oldrel-macos-arm64 | 1.0.4 | 17.00 | NOTE | |||
r-oldrel-macos-x86_64 | 1.0.4 | 22.00 | NOTE | |||
r-oldrel-windows-x86_64 | 1.0.4 | 5.00 | 46.00 | 51.00 | NOTE |
Version: 1.0.4
Check: package dependencies
Result: NOTE
Packages suggested but not available for checking: 'vaers', 'vaersND'
Flavors: r-devel-linux-x86_64-debian-clang, r-devel-linux-x86_64-debian-gcc, r-devel-linux-x86_64-fedora-clang, r-devel-linux-x86_64-fedora-gcc, r-devel-windows-x86_64, r-patched-linux-x86_64, r-release-linux-x86_64, r-release-macos-arm64, r-release-macos-x86_64, r-release-windows-x86_64, r-oldrel-macos-arm64, r-oldrel-macos-x86_64, r-oldrel-windows-x86_64