CRAN Package Check Results for Package vICC

Last updated on 2024-03-04 04:51:46 CET.

Flavor Version Tinstall Tcheck Ttotal Status Flags
r-devel-linux-x86_64-debian-clang 1.0.0 5.70 56.03 61.73 OK
r-devel-linux-x86_64-debian-gcc 1.0.0 5.48 43.61 49.09 OK
r-devel-linux-x86_64-fedora-clang 1.0.0 76.55 NOTE
r-devel-linux-x86_64-fedora-gcc 1.0.0 73.31 NOTE
r-devel-windows-x86_64 1.0.0 6.00 61.00 67.00 OK
r-patched-linux-x86_64 1.0.0 6.51 53.95 60.46 OK
r-release-linux-x86_64 1.0.0 6.09 53.90 59.99 OK
r-release-macos-arm64 1.0.0 27.00 OK
r-release-macos-x86_64 1.0.0 39.00 OK
r-release-windows-x86_64 1.0.0 9.00 71.00 80.00 OK
r-oldrel-macos-arm64 1.0.0 33.00 NOTE
r-oldrel-windows-x86_64 1.0.0 9.00 70.00 79.00 OK

Check Details

Version: 1.0.0
Check: dependencies in R code
Result: NOTE Namespace in Imports field not imported from: ‘Rdpack’ All declared Imports should be used. Flavors: r-devel-linux-x86_64-fedora-clang, r-devel-linux-x86_64-fedora-gcc, r-oldrel-macos-arm64