CRAN Package Check Results for Package usedist

Last updated on 2024-02-26 04:49:43 CET.

Flavor Version Tinstall Tcheck Ttotal Status Flags
r-devel-linux-x86_64-debian-clang 0.4.0 1.95 26.83 28.78 NOTE
r-devel-linux-x86_64-debian-gcc 0.4.0 1.68 20.99 22.67 NOTE
r-devel-linux-x86_64-fedora-clang 0.4.0 36.15 NOTE
r-devel-linux-x86_64-fedora-gcc 0.4.0 34.43 NOTE
r-devel-windows-x86_64 0.4.0 3.00 42.00 45.00 NOTE
r-patched-linux-x86_64 0.4.0 2.51 26.52 29.03 NOTE
r-release-linux-x86_64 0.4.0 2.16 26.45 28.61 NOTE
r-release-macos-arm64 0.4.0 17.00 NOTE
r-release-macos-x86_64 0.4.0 23.00 NOTE
r-release-windows-x86_64 0.4.0 3.00 44.00 47.00 NOTE
r-oldrel-macos-arm64 0.4.0 17.00 NOTE
r-oldrel-windows-x86_64 0.4.0 4.00 47.00 51.00 NOTE

Check Details

Version: 0.4.0
Check: LazyData
Result: NOTE 'LazyData' is specified without a 'data' directory Flavors: r-devel-linux-x86_64-debian-clang, r-devel-linux-x86_64-debian-gcc, r-devel-linux-x86_64-fedora-clang, r-devel-linux-x86_64-fedora-gcc, r-devel-windows-x86_64, r-patched-linux-x86_64, r-release-linux-x86_64, r-release-macos-arm64, r-release-macos-x86_64, r-release-windows-x86_64, r-oldrel-macos-arm64, r-oldrel-windows-x86_64