Last updated on 2023-12-07 04:56:41 CET.
Flavor | Version | Tinstall | Tcheck | Ttotal | Status | Flags |
---|---|---|---|---|---|---|
r-devel-linux-x86_64-debian-clang | 0.2.0 | 11.06 | 63.39 | 74.45 | OK | |
r-devel-linux-x86_64-debian-gcc | 0.2.0 | 6.64 | 47.00 | 53.64 | OK | |
r-devel-linux-x86_64-fedora-clang | 0.2.0 | 89.94 | NOTE | |||
r-devel-linux-x86_64-fedora-gcc | 0.2.0 | 85.55 | NOTE | |||
r-devel-windows-x86_64 | 0.2.0 | 9.00 | 66.00 | 75.00 | OK | |
r-patched-linux-x86_64 | 0.2.0 | 12.02 | 57.81 | 69.83 | OK | |
r-release-linux-x86_64 | 0.2.0 | 5.96 | 58.29 | 64.25 | OK | |
r-release-macos-arm64 | 0.2.0 | 29.00 | OK | |||
r-release-macos-x86_64 | 0.2.0 | 42.00 | OK | |||
r-release-windows-x86_64 | 0.2.0 | 13.00 | 75.00 | 88.00 | OK | |
r-oldrel-macos-arm64 | 0.2.0 | 31.00 | NOTE | |||
r-oldrel-macos-x86_64 | 0.2.0 | 41.00 | NOTE | |||
r-oldrel-windows-x86_64 | 0.2.0 | 12.00 | 75.00 | 87.00 | OK |
Version: 0.2.0
Check: data for non-ASCII characters
Result: NOTE
Note: found 3347 marked UTF-8 strings
Flavors: r-devel-linux-x86_64-fedora-clang, r-devel-linux-x86_64-fedora-gcc, r-oldrel-macos-arm64, r-oldrel-macos-x86_64