CRAN Package Check Results for Package unmarked

Last updated on 2023-12-02 04:52:33 CET.

Flavor Version Tinstall Tcheck Ttotal Status Flags
r-devel-linux-x86_64-debian-clang 1.3.2 518.98 339.86 858.84 NOTE
r-devel-linux-x86_64-debian-gcc 1.3.2 375.40 326.06 701.46 NOTE
r-devel-linux-x86_64-fedora-clang 1.3.2 981.22 NOTE
r-devel-linux-x86_64-fedora-gcc 1.3.2 1273.92 NOTE
r-devel-windows-x86_64 1.3.2 367.00 321.00 688.00 NOTE
r-patched-linux-x86_64 1.3.2 332.84 359.79 692.63 NOTE
r-release-linux-x86_64 1.3.2 331.04 343.49 674.53 NOTE
r-release-macos-arm64 1.3.2 209.00 NOTE
r-release-macos-x86_64 1.3.2 407.00 NOTE
r-release-windows-x86_64 1.3.2 500.00 393.00 893.00 NOTE
r-oldrel-macos-arm64 1.3.2 204.00 NOTE
r-oldrel-macos-x86_64 1.3.2 318.00 NOTE
r-oldrel-windows-x86_64 1.3.2 467.00 371.00 838.00 NOTE

Check Details

Version: 1.3.2
Check: Rd files
Result: NOTE checkRd: (-1) MesoCarnivores.Rd:21: Lost braces 21 | \item{\code{Dist_5km}{Proportion of disturbed land in 5 km radius}} | ^ checkRd: (-1) MesoCarnivores.Rd:22: Lost braces 22 | \item{\code{HDens_5km}{Housing density in 5 km radius}} | ^ checkRd: (-1) MesoCarnivores.Rd:23: Lost braces 23 | \item{\code{Latitude}{Latitude / 100}} | ^ checkRd: (-1) MesoCarnivores.Rd:24: Lost braces 24 | \item{\code{Longitude}{Longitude / 100}} | ^ checkRd: (-1) MesoCarnivores.Rd:25: Lost braces 25 | \item{\code{People_site}{Number of photos of people at site / 1000}} | ^ checkRd: (-1) MesoCarnivores.Rd:26: Lost braces 26 | \item{\code{Trail}{1 if camera was on trail, 0 if not}} | ^ checkRd: (-1) occuFP.Rd:48: Lost braces 48 | data is of this type you should use code{occu} to analyze data. The detection parameter p, which is modeled using the | ^ checkRd: (-1) unmarked-package.Rd:263: Lost braces 263 | \author{Ian Fiske, Richard Chandler, Andy Royle, Marc K\'{e}ry, David | ^ Flavors: r-devel-linux-x86_64-debian-clang, r-devel-linux-x86_64-debian-gcc

Version: 1.3.2
Check: for GNU extensions in Makefiles
Result: NOTE GNU make is a SystemRequirements. Flavors: r-devel-linux-x86_64-debian-clang, r-devel-linux-x86_64-debian-gcc, r-devel-linux-x86_64-fedora-clang, r-devel-linux-x86_64-fedora-gcc, r-devel-windows-x86_64, r-patched-linux-x86_64, r-release-linux-x86_64, r-release-macos-arm64, r-release-macos-x86_64, r-release-windows-x86_64, r-oldrel-macos-arm64, r-oldrel-macos-x86_64, r-oldrel-windows-x86_64

Version: 1.3.2
Check: installed package size
Result: NOTE installed size is 5.9Mb sub-directories of 1Mb or more: R 1.3Mb doc 1.4Mb libs 2.3Mb Flavors: r-devel-linux-x86_64-fedora-clang, r-devel-windows-x86_64, r-release-macos-arm64, r-release-macos-x86_64, r-release-windows-x86_64, r-oldrel-macos-arm64, r-oldrel-macos-x86_64, r-oldrel-windows-x86_64