CRAN Package Check Results for Package unival

Last updated on 2024-02-20 04:24:10 CET.

Flavor Version Tinstall Tcheck Ttotal Status Flags
r-devel-linux-x86_64-debian-clang 1.1.0 OK
r-devel-linux-x86_64-debian-gcc 1.1.0 2.41 20.11 22.52 OK
r-devel-linux-x86_64-fedora-clang 1.1.0 36.97 NOTE
r-devel-linux-x86_64-fedora-gcc 1.1.0 34.90 OK
r-devel-windows-x86_64 1.1.0 4.00 41.00 45.00 OK
r-patched-linux-x86_64 1.1.0 3.14 25.31 28.45 OK
r-release-linux-x86_64 1.1.0 3.10 25.25 28.35 OK
r-release-macos-arm64 1.1.0 17.00 OK
r-release-macos-x86_64 1.1.0 23.00 OK
r-release-windows-x86_64 1.1.0 4.00 42.00 46.00 OK
r-oldrel-macos-arm64 1.1.0 17.00 OK
r-oldrel-windows-x86_64 1.1.0 4.00 46.00 50.00 OK

Check Details

Version: 1.1.0
Check: Rd cross-references
Result: NOTE Undeclared package ‘mirt’ in Rd xrefs Flavor: r-devel-linux-x86_64-fedora-clang