CRAN Package Check Results for Package univOutl

Last updated on 2024-06-14 05:58:43 CEST.

Flavor Version Tinstall Tcheck Ttotal Status Flags
r-devel-linux-x86_64-debian-clang 0.4 8.79 64.18 72.97 OK
r-devel-linux-x86_64-debian-gcc 0.4 0.28 1.74 2.02 ERROR
r-devel-linux-x86_64-fedora-clang 0.4 98.39 OK
r-devel-linux-x86_64-fedora-gcc 0.4 85.52 OK
r-devel-windows-x86_64 0.4 8.00 72.00 80.00 OK
r-patched-linux-x86_64 0.4 5.23 62.10 67.33 OK
r-release-linux-x86_64 0.4 4.65 60.46 65.11 OK
r-release-macos-arm64 0.4 30.00 OK
r-release-macos-x86_64 0.4 43.00 OK
r-release-windows-x86_64 0.4 8.00 73.00 81.00 OK
r-oldrel-macos-arm64 0.4 29.00 OK
r-oldrel-macos-x86_64 0.4 44.00 OK
r-oldrel-windows-x86_64 0.4 10.00 80.00 90.00 OK

Check Details

Version: 0.4
Check: package dependencies
Result: ERROR Package required but not available: ‘Hmisc’ See section ‘The DESCRIPTION file’ in the ‘Writing R Extensions’ manual. Flavor: r-devel-linux-x86_64-debian-gcc