CRAN Package Check Results for Package unisensR

Last updated on 2023-09-24 05:53:25 CEST.

Flavor Version Tinstall Tcheck Ttotal Status Flags
r-devel-linux-x86_64-debian-clang 0.3.3 2.27 35.68 37.95 NOTE
r-devel-linux-x86_64-debian-gcc 0.3.3 2.08 28.31 30.39 NOTE
r-devel-linux-x86_64-fedora-clang 0.3.3 48.44 NOTE
r-devel-linux-x86_64-fedora-gcc 0.3.3 46.08 NOTE
r-devel-windows-x86_64 0.3.3 5.00 50.00 55.00 NOTE
r-patched-linux-x86_64 0.3.3 2.54 34.87 37.41 NOTE
r-release-linux-x86_64 0.3.3 2.23 35.25 37.48 NOTE
r-release-macos-arm64 0.3.3 22.00 NOTE
r-release-macos-x86_64 0.3.3 31.00 NOTE
r-release-windows-x86_64 0.3.3 5.00 55.00 60.00 NOTE
r-oldrel-macos-arm64 0.3.3 20.00 NOTE
r-oldrel-macos-x86_64 0.3.3 29.00 NOTE
r-oldrel-windows-x86_64 0.3.3 6.00 55.00 61.00 NOTE

Check Details

Version: 0.3.3
Check: LazyData
Result: NOTE
     'LazyData' is specified without a 'data' directory
Flavors: r-devel-linux-x86_64-debian-clang, r-devel-linux-x86_64-debian-gcc, r-devel-linux-x86_64-fedora-clang, r-devel-linux-x86_64-fedora-gcc, r-devel-windows-x86_64, r-patched-linux-x86_64, r-release-linux-x86_64, r-release-macos-arm64, r-release-macos-x86_64, r-release-windows-x86_64, r-oldrel-macos-arm64, r-oldrel-macos-x86_64, r-oldrel-windows-x86_64