Last updated on 2023-12-03 04:56:24 CET.
Flavor | Version | Tinstall | Tcheck | Ttotal | Status | Flags |
---|---|---|---|---|---|---|
r-devel-linux-x86_64-debian-clang | 1.1.1 | 47.59 | 118.64 | 166.23 | NOTE | |
r-devel-linux-x86_64-debian-gcc | 1.1.1 | 32.84 | 86.36 | 119.20 | NOTE | |
r-devel-linux-x86_64-fedora-clang | 1.1.1 | 224.97 | NOTE | |||
r-devel-linux-x86_64-fedora-gcc | 1.1.1 | 195.23 | NOTE | |||
r-devel-windows-x86_64 | 1.1.1 | 38.00 | 121.00 | 159.00 | NOTE | |
r-patched-linux-x86_64 | 1.1.1 | 34.37 | 110.91 | 145.28 | NOTE | |
r-release-linux-x86_64 | 1.1.1 | 29.04 | 110.54 | 139.58 | NOTE | |
r-release-macos-arm64 | 1.1.1 | 57.00 | NOTE | |||
r-release-macos-x86_64 | 1.1.1 | 103.00 | NOTE | |||
r-release-windows-x86_64 | 1.1.1 | 52.00 | 155.00 | 207.00 | NOTE | |
r-oldrel-macos-arm64 | 1.1.1 | 50.00 | NOTE | |||
r-oldrel-macos-x86_64 | 1.1.1 | 87.00 | NOTE | |||
r-oldrel-windows-x86_64 | 1.1.1 | 48.00 | 146.00 | 194.00 | NOTE |
Version: 1.1.1
Check: package subdirectories
Result: NOTE
Problems with news in ‘NEWS.md’:
No news entries found.
Flavors: r-devel-linux-x86_64-debian-clang, r-devel-linux-x86_64-debian-gcc, r-devel-linux-x86_64-fedora-clang, r-devel-linux-x86_64-fedora-gcc, r-devel-windows-x86_64, r-patched-linux-x86_64, r-release-linux-x86_64, r-release-macos-arm64, r-release-macos-x86_64, r-release-windows-x86_64
Version: 1.1.1
Check: LazyData
Result: NOTE
'LazyData' is specified without a 'data' directory
Flavors: r-devel-linux-x86_64-debian-clang, r-devel-linux-x86_64-debian-gcc, r-devel-linux-x86_64-fedora-clang, r-devel-linux-x86_64-fedora-gcc, r-devel-windows-x86_64, r-patched-linux-x86_64, r-release-linux-x86_64, r-release-macos-arm64, r-release-macos-x86_64, r-release-windows-x86_64, r-oldrel-macos-arm64, r-oldrel-macos-x86_64, r-oldrel-windows-x86_64