CRAN Package Check Results for Package ukpolice

Last updated on 2023-12-01 04:54:13 CET.

Flavor Version Tinstall Tcheck Ttotal Status Flags
r-devel-linux-x86_64-debian-clang 0.2.2 4.92 46.46 51.38 NOTE
r-devel-linux-x86_64-debian-gcc 0.2.2 4.15 35.67 39.82 NOTE
r-devel-linux-x86_64-fedora-clang 0.2.2 65.50 NOTE
r-devel-linux-x86_64-fedora-gcc 0.2.2 72.46 NOTE
r-devel-windows-x86_64 0.2.2 5.00 60.00 65.00 NOTE
r-patched-linux-x86_64 0.2.2 5.12 44.10 49.22 NOTE
r-release-linux-x86_64 0.2.2 4.74 44.25 48.99 NOTE
r-release-macos-arm64 0.2.2 31.00 NOTE
r-release-macos-x86_64 0.2.2 43.00 NOTE
r-release-windows-x86_64 0.2.2 7.00 64.00 71.00 NOTE
r-oldrel-macos-arm64 0.2.2 21.00 NOTE
r-oldrel-macos-x86_64 0.2.2 32.00 NOTE
r-oldrel-windows-x86_64 0.2.2 7.00 68.00 75.00 NOTE

Check Details

Version: 0.2.2
Check: LazyData
Result: NOTE 'LazyData' is specified without a 'data' directory Flavors: r-devel-linux-x86_64-debian-clang, r-devel-linux-x86_64-debian-gcc, r-devel-linux-x86_64-fedora-clang, r-devel-linux-x86_64-fedora-gcc, r-devel-windows-x86_64, r-patched-linux-x86_64, r-release-linux-x86_64, r-release-macos-arm64, r-release-macos-x86_64, r-release-windows-x86_64, r-oldrel-macos-arm64, r-oldrel-macos-x86_64, r-oldrel-windows-x86_64