CRAN Package Check Results for Package uaparserjs

Last updated on 2024-02-29 04:54:31 CET.

Flavor Version Tinstall Tcheck Ttotal Status Flags
r-devel-linux-x86_64-debian-clang 0.3.5 4.03 41.24 45.27 NOTE
r-devel-linux-x86_64-debian-gcc 0.3.5 3.43 32.02 35.45 NOTE
r-devel-linux-x86_64-fedora-clang 0.3.5 56.22 NOTE
r-devel-linux-x86_64-fedora-gcc 0.3.5 56.58 NOTE
r-devel-windows-x86_64 0.3.5 5.00 51.00 56.00 NOTE
r-patched-linux-x86_64 0.3.5 4.60 41.42 46.02 NOTE
r-release-linux-x86_64 0.3.5 3.56 41.12 44.68 NOTE
r-release-macos-arm64 0.3.5 22.00 NOTE
r-release-macos-x86_64 0.3.5 31.00 NOTE
r-release-windows-x86_64 0.3.5 6.00 54.00 60.00 NOTE
r-oldrel-macos-arm64 0.3.5 17.00 OK
r-oldrel-windows-x86_64 0.3.5 6.00 57.00 63.00 OK

Check Details

Version: 0.3.5
Check: package subdirectories
Result: NOTE Problems with news in ‘NEWS.md’: No news entries found. Flavors: r-devel-linux-x86_64-debian-clang, r-devel-linux-x86_64-debian-gcc, r-devel-linux-x86_64-fedora-clang, r-devel-linux-x86_64-fedora-gcc, r-devel-windows-x86_64, r-patched-linux-x86_64, r-release-linux-x86_64, r-release-macos-arm64, r-release-macos-x86_64, r-release-windows-x86_64