CRAN Package Check Results for Package uGMAR

Last updated on 2024-03-03 04:48:52 CET.

Flavor Version Tinstall Tcheck Ttotal Status Flags
r-devel-linux-x86_64-debian-clang 3.4.5 6.68 132.66 139.34 NOTE
r-devel-linux-x86_64-debian-gcc 3.4.5 6.42 97.34 103.76 NOTE
r-devel-linux-x86_64-fedora-clang 3.4.5 170.78 NOTE
r-devel-linux-x86_64-fedora-gcc 3.4.5 181.88 NOTE
r-devel-windows-x86_64 3.4.5 10.00 153.00 163.00 OK
r-patched-linux-x86_64 3.4.5 15.63 126.08 141.71 OK
r-release-linux-x86_64 3.4.5 9.06 125.50 134.56 OK
r-release-macos-arm64 3.4.5 64.00 OK
r-release-macos-x86_64 3.4.5 117.00 OK
r-release-windows-x86_64 3.4.5 12.00 169.00 181.00 OK
r-oldrel-macos-arm64 3.4.5 55.00 OK
r-oldrel-windows-x86_64 3.4.5 13.00 134.00 147.00 OK

Check Details

Version: 3.4.5
Check: Rd files
Result: NOTE checkRd: (-1) alt_gsmar.Rd:50: Lost braces; missing escapes or markup? 50 | In addition to the S3 methods listed under the topic "Methods (by generic)", the \code{predict} and {simulate} methods | ^ Flavors: r-devel-linux-x86_64-debian-clang, r-devel-linux-x86_64-debian-gcc, r-devel-linux-x86_64-fedora-clang, r-devel-linux-x86_64-fedora-gcc