Last updated on 2023-12-04 05:09:25 CET.
Flavor | Version | Tinstall | Tcheck | Ttotal | Status | Flags |
---|---|---|---|---|---|---|
r-devel-linux-x86_64-debian-clang | 0.1.1 | 25.61 | 32.14 | 57.75 | NOTE | |
r-devel-linux-x86_64-debian-gcc | 0.1.1 | 22.35 | 25.39 | 47.74 | NOTE | |
r-devel-linux-x86_64-fedora-clang | 0.1.1 | 75.83 | NOTE | |||
r-devel-linux-x86_64-fedora-gcc | 0.1.1 | 73.71 | NOTE | |||
r-devel-windows-x86_64 | 0.1.1 | 20.00 | 51.00 | 71.00 | NOTE | |
r-patched-linux-x86_64 | 0.1.1 | 25.12 | 31.88 | 57.00 | NOTE | |
r-release-linux-x86_64 | 0.1.1 | 21.25 | 31.26 | 52.51 | NOTE | |
r-release-macos-arm64 | 0.1.1 | 35.00 | NOTE | |||
r-release-macos-x86_64 | 0.1.1 | 57.00 | NOTE | |||
r-release-windows-x86_64 | 0.1.1 | 27.00 | 56.00 | 83.00 | NOTE | |
r-oldrel-macos-arm64 | 0.1.1 | 35.00 | NOTE | |||
r-oldrel-macos-x86_64 | 0.1.1 | 45.00 | NOTE | |||
r-oldrel-windows-x86_64 | 0.1.1 | 29.00 | 58.00 | 87.00 | OK |
Version: 0.1.1
Check: package subdirectories
Result: NOTE
Problems with news in ‘NEWS.md’:
No news entries found.
Flavors: r-devel-linux-x86_64-debian-clang, r-devel-linux-x86_64-debian-gcc, r-devel-linux-x86_64-fedora-clang, r-devel-linux-x86_64-fedora-gcc, r-devel-windows-x86_64, r-patched-linux-x86_64, r-release-linux-x86_64, r-release-macos-arm64, r-release-macos-x86_64, r-release-windows-x86_64
Version: 0.1.1
Check: Rd files
Result: NOTE
checkRd: (-1) cambodia.Rd:47: Lost braces
47 | (\doi{10.1371/journal.pmed.1000253}{10.1371/journal.pmed.1000253})
| ^
checkRd: (-1) microdata.Rd:33: Lost braces
33 | (\doi{10.1371/journal.pmed.1000253}{10.1371/journal.pmed.1000253})
| ^
checkRd: (-1) u5mr_cohort.Rd:111: Lost braces
111 | (\doi{10.1371/journal.pmed.1000253}{10.1371/journal.pmed.1000253})
| ^
Flavors: r-devel-linux-x86_64-debian-clang, r-devel-linux-x86_64-debian-gcc
Version: 0.1.1
Check: dependencies in R code
Result: NOTE
Namespace in Imports field not imported from: ‘lifecycle’
All declared Imports should be used.
Flavors: r-devel-linux-x86_64-fedora-clang, r-devel-linux-x86_64-fedora-gcc, r-oldrel-macos-arm64, r-oldrel-macos-x86_64