CRAN Package Check Results for Package typed

Last updated on 2024-03-04 04:51:46 CET.

Flavor Version Tinstall Tcheck Ttotal Status Flags
r-devel-linux-x86_64-debian-clang 0.0.1 2.68 30.66 33.34 NOTE
r-devel-linux-x86_64-debian-gcc 0.0.1 2.27 23.65 25.92 NOTE
r-devel-linux-x86_64-fedora-clang 0.0.1 42.13 NOTE
r-devel-linux-x86_64-fedora-gcc 0.0.1 40.02 NOTE
r-devel-windows-x86_64 0.0.1 4.00 46.00 50.00 NOTE
r-patched-linux-x86_64 0.0.1 2.55 30.23 32.78 NOTE
r-release-linux-x86_64 0.0.1 2.00 30.29 32.29 NOTE
r-release-macos-arm64 0.0.1 19.00 NOTE
r-release-macos-x86_64 0.0.1 24.00 NOTE
r-release-windows-x86_64 0.0.1 5.00 47.00 52.00 NOTE
r-oldrel-macos-arm64 0.0.1 17.00 NOTE
r-oldrel-windows-x86_64 0.0.1 4.00 49.00 53.00 NOTE

Check Details

Version: 0.0.1
Check: LazyData
Result: NOTE 'LazyData' is specified without a 'data' directory Flavors: r-devel-linux-x86_64-debian-clang, r-devel-linux-x86_64-debian-gcc, r-devel-linux-x86_64-fedora-clang, r-devel-linux-x86_64-fedora-gcc, r-devel-windows-x86_64, r-patched-linux-x86_64, r-release-linux-x86_64, r-release-macos-arm64, r-release-macos-x86_64, r-release-windows-x86_64, r-oldrel-macos-arm64, r-oldrel-windows-x86_64