CRAN Package Check Results for Package twitteR

Last updated on 2024-02-26 04:49:43 CET.

Flavor Version Tinstall Tcheck Ttotal Status Flags
r-devel-linux-x86_64-debian-clang 1.1.9 7.61 45.32 52.93 NOTE
r-devel-linux-x86_64-debian-gcc 1.1.9 7.28 34.99 42.27 NOTE
r-devel-linux-x86_64-fedora-clang 1.1.9 66.52 NOTE
r-devel-linux-x86_64-fedora-gcc 1.1.9 64.42 NOTE
r-devel-windows-x86_64 1.1.9 8.00 58.00 66.00 NOTE
r-patched-linux-x86_64 1.1.9 13.39 44.83 58.22 NOTE
r-release-linux-x86_64 1.1.9 6.94 44.77 51.71 NOTE
r-release-macos-arm64 1.1.9 29.00 NOTE
r-release-macos-x86_64 1.1.9 36.00 NOTE
r-release-windows-x86_64 1.1.9 10.00 61.00 71.00 NOTE
r-oldrel-macos-arm64 1.1.9 19.00 NOTE
r-oldrel-windows-x86_64 1.1.9 14.00 73.00 87.00 NOTE

Check Details

Version: 1.1.9
Check: LazyData
Result: NOTE 'LazyData' is specified without a 'data' directory Flavors: r-devel-linux-x86_64-debian-clang, r-devel-linux-x86_64-debian-gcc, r-devel-linux-x86_64-fedora-clang, r-devel-linux-x86_64-fedora-gcc, r-devel-windows-x86_64, r-patched-linux-x86_64, r-release-linux-x86_64, r-release-macos-arm64, r-release-macos-x86_64, r-release-windows-x86_64, r-oldrel-macos-arm64, r-oldrel-windows-x86_64