Last updated on 2023-11-30 04:53:11 CET.
Flavor | Version | Tinstall | Tcheck | Ttotal | Status | Flags |
---|---|---|---|---|---|---|
r-devel-linux-x86_64-debian-clang | 1.3.2 | 6.95 | 111.09 | 118.04 | OK | |
r-devel-linux-x86_64-debian-gcc | 1.3.2 | 5.93 | 85.45 | 91.38 | OK | |
r-devel-linux-x86_64-fedora-clang | 1.3.2 | 148.61 | NOTE | |||
r-devel-linux-x86_64-fedora-gcc | 1.3.2 | 149.76 | OK | |||
r-devel-windows-x86_64 | 1.3.2 | 9.00 | 116.00 | 125.00 | OK | |
r-patched-linux-x86_64 | 1.3.2 | 7.95 | 105.98 | 113.93 | OK | |
r-release-linux-x86_64 | 1.3.2 | 7.75 | 104.07 | 111.82 | OK | |
r-release-macos-arm64 | 1.3.2 | 56.00 | OK | |||
r-release-macos-x86_64 | 1.3.2 | 83.00 | OK | |||
r-release-windows-x86_64 | 1.3.2 | 11.00 | 142.00 | 153.00 | OK | |
r-oldrel-macos-arm64 | 1.3.2 | 47.00 | OK | |||
r-oldrel-macos-x86_64 | 1.3.2 | 59.00 | OK | |||
r-oldrel-windows-x86_64 | 1.3.2 | 10.00 | 131.00 | 141.00 | OK |
Version: 1.3.2
Check: Rd cross-references
Result: NOTE
Undeclared package ‘rlang’ in Rd xrefs
Flavor: r-devel-linux-x86_64-fedora-clang