Last updated on 2023-12-09 04:51:10 CET.
Flavor | Version | Tinstall | Tcheck | Ttotal | Status | Flags |
---|---|---|---|---|---|---|
r-devel-linux-x86_64-debian-clang | 1.1.2 | 24.04 | 182.36 | 206.40 | OK | |
r-devel-linux-x86_64-debian-gcc | 1.1.2 | 21.89 | 133.59 | 155.48 | OK | |
r-devel-linux-x86_64-fedora-clang | 1.1.2 | 253.48 | NOTE | |||
r-devel-linux-x86_64-fedora-gcc | 1.1.2 | 251.47 | OK | |||
r-devel-windows-x86_64 | 1.1.2 | 23.00 | 144.00 | 167.00 | OK | |
r-patched-linux-x86_64 | 1.1.2 | 23.66 | 172.48 | 196.14 | OK | |
r-release-linux-x86_64 | 1.1.2 | 16.17 | 169.81 | 185.98 | OK | |
r-release-macos-arm64 | 1.1.2 | 73.00 | OK | |||
r-release-macos-x86_64 | 1.1.2 | 148.00 | OK | |||
r-release-windows-x86_64 | 1.1.2 | 31.00 | 185.00 | 216.00 | OK | |
r-oldrel-macos-arm64 | 1.1.2 | 68.00 | OK | |||
r-oldrel-macos-x86_64 | 1.1.2 | 96.00 | OK | |||
r-oldrel-windows-x86_64 | 1.1.2 | 33.00 | 175.00 | 208.00 | OK |
Version: 1.1.2
Check: package dependencies
Result: NOTE
Imports includes 22 non-default packages.
Importing from so many packages makes the package vulnerable to any of
them becoming unavailable. Move as many as possible to Suggests and
use conditionally.
Flavor: r-devel-linux-x86_64-fedora-clang