CRAN Package Check Results for Package tufterhandout

Last updated on 2024-03-02 04:48:38 CET.

Flavor Version Tinstall Tcheck Ttotal Status Flags
r-devel-linux-x86_64-debian-clang 1.2.1 2.94 36.66 39.60 NOTE
r-devel-linux-x86_64-debian-gcc 1.2.1 2.48 28.19 30.67 NOTE
r-devel-linux-x86_64-fedora-clang 1.2.1 49.09 NOTE
r-devel-linux-x86_64-fedora-gcc 1.2.1 59.70 NOTE
r-devel-windows-x86_64 1.2.1 4.00 52.00 56.00 NOTE
r-patched-linux-x86_64 1.2.1 2.72 35.31 38.03 NOTE
r-release-linux-x86_64 1.2.1 3.27 35.44 38.71 NOTE
r-release-macos-arm64 1.2.1 26.00 NOTE
r-release-macos-x86_64 1.2.1 39.00 NOTE
r-release-windows-x86_64 1.2.1 5.00 54.00 59.00 NOTE
r-oldrel-macos-arm64 1.2.1 20.00 NOTE
r-oldrel-windows-x86_64 1.2.1 6.00 58.00 64.00 NOTE

Check Details

Version: 1.2.1
Check: DESCRIPTION meta-information
Result: NOTE Malformed Description field: should contain one or more complete sentences. Flavors: r-devel-linux-x86_64-debian-clang, r-devel-linux-x86_64-debian-gcc, r-devel-linux-x86_64-fedora-clang, r-devel-linux-x86_64-fedora-gcc, r-devel-windows-x86_64, r-patched-linux-x86_64, r-release-linux-x86_64, r-release-macos-arm64, r-release-macos-x86_64, r-release-windows-x86_64, r-oldrel-macos-arm64, r-oldrel-windows-x86_64