Last updated on 2023-12-02 04:52:33 CET.
Flavor | Version | Tinstall | Tcheck | Ttotal | Status | Flags |
---|---|---|---|---|---|---|
r-devel-linux-x86_64-debian-clang | 0.1.0 | 2.27 | 30.36 | 32.63 | NOTE | |
r-devel-linux-x86_64-debian-gcc | 0.1.0 | 1.79 | 24.19 | 25.98 | NOTE | |
r-devel-linux-x86_64-fedora-clang | 0.1.0 | 42.79 | NOTE | |||
r-devel-linux-x86_64-fedora-gcc | 0.1.0 | 51.08 | NOTE | |||
r-devel-windows-x86_64 | 0.1.0 | 3.00 | 62.00 | 65.00 | NOTE | |
r-patched-linux-x86_64 | 0.1.0 | 5.39 | 29.78 | 35.17 | NOTE | |
r-release-linux-x86_64 | 0.1.0 | 1.51 | 30.04 | 31.55 | NOTE | |
r-release-macos-arm64 | 0.1.0 | 27.00 | NOTE | |||
r-release-macos-x86_64 | 0.1.0 | 51.00 | NOTE | |||
r-release-windows-x86_64 | 0.1.0 | 5.00 | 53.00 | 58.00 | NOTE | |
r-oldrel-macos-arm64 | 0.1.0 | 20.00 | NOTE | |||
r-oldrel-macos-x86_64 | 0.1.0 | 28.00 | NOTE | |||
r-oldrel-windows-x86_64 | 0.1.0 | 4.00 | 55.00 | 59.00 | NOTE |
Version: 0.1.0
Check: LazyData
Result: NOTE
'LazyData' is specified without a 'data' directory
Flavors: r-devel-linux-x86_64-debian-clang, r-devel-linux-x86_64-debian-gcc, r-devel-linux-x86_64-fedora-clang, r-devel-linux-x86_64-fedora-gcc, r-devel-windows-x86_64, r-patched-linux-x86_64, r-release-linux-x86_64, r-release-macos-arm64, r-release-macos-x86_64, r-release-windows-x86_64, r-oldrel-macos-arm64, r-oldrel-macos-x86_64, r-oldrel-windows-x86_64