CRAN Package Check Results for Package tsmp

Last updated on 2024-02-26 04:49:43 CET.

Flavor Version Tinstall Tcheck Ttotal Status Flags
r-devel-linux-x86_64-debian-clang 0.4.15 57.70 128.16 185.86 NOTE
r-devel-linux-x86_64-debian-gcc 0.4.15 47.02 95.99 143.01 NOTE
r-devel-linux-x86_64-fedora-clang 0.4.15 267.49 NOTE
r-devel-linux-x86_64-fedora-gcc 0.4.15 267.69 NOTE
r-devel-windows-x86_64 0.4.15 48.00 148.00 196.00 NOTE
r-patched-linux-x86_64 0.4.15 59.91 124.77 184.68 NOTE
r-release-linux-x86_64 0.4.15 61.70 121.42 183.12 NOTE
r-release-macos-arm64 0.4.15 71.00 NOTE
r-release-macos-x86_64 0.4.15 114.00 NOTE
r-release-windows-x86_64 0.4.15 59.00 172.00 231.00 NOTE
r-oldrel-macos-arm64 0.4.15 63.00 NOTE
r-oldrel-windows-x86_64 0.4.15 59.00 143.00 202.00 NOTE

Check Details

Version: 0.4.15
Check: C++ specification
Result: NOTE Specified C++11: please drop specification unless essential Flavors: r-devel-linux-x86_64-debian-clang, r-devel-linux-x86_64-debian-gcc, r-devel-linux-x86_64-fedora-clang, r-devel-linux-x86_64-fedora-gcc, r-devel-windows-x86_64, r-patched-linux-x86_64, r-release-linux-x86_64, r-release-macos-arm64, r-release-macos-x86_64, r-release-windows-x86_64

Version: 0.4.15
Check: for GNU extensions in Makefiles
Result: NOTE GNU make is a SystemRequirements. Flavors: r-devel-linux-x86_64-debian-clang, r-devel-linux-x86_64-debian-gcc, r-devel-linux-x86_64-fedora-clang, r-devel-linux-x86_64-fedora-gcc, r-devel-windows-x86_64, r-patched-linux-x86_64, r-release-linux-x86_64, r-release-macos-arm64, r-release-macos-x86_64, r-release-windows-x86_64, r-oldrel-macos-arm64, r-oldrel-windows-x86_64

Version: 0.4.15
Check: installed package size
Result: NOTE installed size is 6.3Mb sub-directories of 1Mb or more: data 4.6Mb Flavors: r-devel-linux-x86_64-fedora-clang, r-devel-windows-x86_64, r-release-macos-arm64, r-release-macos-x86_64, r-release-windows-x86_64, r-oldrel-macos-arm64, r-oldrel-windows-x86_64