Last updated on 2023-12-07 04:56:40 CET.
Flavor | Version | Tinstall | Tcheck | Ttotal | Status | Flags |
---|---|---|---|---|---|---|
r-devel-linux-x86_64-debian-clang | 11.0.4 | 29.91 | 531.85 | 561.76 | NOTE | |
r-devel-linux-x86_64-debian-gcc | 11.0.4 | 24.79 | 387.37 | 412.16 | NOTE | |
r-devel-linux-x86_64-fedora-clang | 11.0.4 | 575.01 | NOTE | |||
r-devel-linux-x86_64-fedora-gcc | 11.0.4 | 687.42 | NOTE | |||
r-devel-windows-x86_64 | 11.0.4 | 29.00 | 434.00 | 463.00 | NOTE | |
r-patched-linux-x86_64 | 11.0.4 | 25.56 | 497.56 | 523.12 | OK | |
r-release-linux-x86_64 | 11.0.4 | 27.01 | 495.32 | 522.33 | OK | |
r-release-macos-arm64 | 11.0.4 | 212.00 | OK | |||
r-release-macos-x86_64 | 11.0.4 | 346.00 | NOTE | |||
r-release-windows-x86_64 | 11.0.4 | 38.00 | 541.00 | 579.00 | OK | |
r-oldrel-macos-arm64 | 11.0.4 | 165.00 | OK | |||
r-oldrel-macos-x86_64 | 11.0.4 | 260.00 | OK | |||
r-oldrel-windows-x86_64 | 11.0.4 | 37.00 | 520.00 | 557.00 | OK |
Version: 11.0.4
Check: Rd files
Result: NOTE
checkRd: (-1) regime.Rd:26: Lost braces; missing escapes or markup?
26 | \item{discretize}{logical (default TRUE) whether the series are discretized to {1,2},
| ^
Flavors: r-devel-linux-x86_64-debian-clang, r-devel-linux-x86_64-debian-gcc
Version: 11.0.4
Check: Rd \usage sections
Result: NOTE
Objects in \usage without \alias in Rd file 'nlar.struct.Rd':
‘getNUsed’
Functions with \usage entries need to have the appropriate \alias
entries, and all their arguments documented.
The \usage entries must correspond to syntactically valid R code.
See chapter ‘Writing R documentation files’ in the ‘Writing R
Extensions’ manual.
Flavors: r-devel-linux-x86_64-debian-clang, r-devel-linux-x86_64-debian-gcc, r-devel-linux-x86_64-fedora-clang, r-devel-linux-x86_64-fedora-gcc, r-devel-windows-x86_64
Version: 11.0.4
Check: package dependencies
Result: NOTE
Package suggested but not available for checking: ‘rugarch’
Flavor: r-release-macos-x86_64
Version: 11.0.4
Check: Rd cross-references
Result: NOTE
Package unavailable to check Rd xrefs: ‘rugarch’
Flavor: r-release-macos-x86_64