Last updated on 2023-12-07 04:56:40 CET.
Flavor | Version | Tinstall | Tcheck | Ttotal | Status | Flags |
---|---|---|---|---|---|---|
r-devel-linux-x86_64-debian-clang | 0.2.2 | 3.37 | 108.65 | 112.02 | NOTE | |
r-devel-linux-x86_64-debian-gcc | 0.2.2 | 3.15 | 82.94 | 86.09 | NOTE | |
r-devel-linux-x86_64-fedora-clang | 0.2.2 | 147.88 | NOTE | |||
r-devel-linux-x86_64-fedora-gcc | 0.2.2 | 152.46 | NOTE | |||
r-devel-windows-x86_64 | 0.2.2 | 6.00 | 177.00 | 183.00 | NOTE | |
r-patched-linux-x86_64 | 0.2.2 | 4.91 | 110.22 | 115.13 | NOTE | |
r-release-linux-x86_64 | 0.2.2 | 3.61 | 110.73 | 114.34 | NOTE | |
r-release-macos-arm64 | 0.2.2 | 69.00 | NOTE | |||
r-release-macos-x86_64 | 0.2.2 | 101.00 | NOTE | |||
r-release-windows-x86_64 | 0.2.2 | 7.00 | 172.00 | 179.00 | NOTE | |
r-oldrel-macos-arm64 | 0.2.2 | 55.00 | NOTE | |||
r-oldrel-macos-x86_64 | 0.2.2 | 105.00 | NOTE | |||
r-oldrel-windows-x86_64 | 0.2.2 | 6.00 | 170.00 | 176.00 | NOTE |
Version: 0.2.2
Check: LazyData
Result: NOTE
'LazyData' is specified without a 'data' directory
Flavors: r-devel-linux-x86_64-debian-clang, r-devel-linux-x86_64-debian-gcc, r-devel-linux-x86_64-fedora-clang, r-devel-linux-x86_64-fedora-gcc, r-devel-windows-x86_64, r-patched-linux-x86_64, r-release-linux-x86_64, r-release-macos-arm64, r-release-macos-x86_64, r-release-windows-x86_64, r-oldrel-macos-arm64, r-oldrel-macos-x86_64, r-oldrel-windows-x86_64