Last updated on 2023-12-10 04:56:16 CET.
Flavor | Version | Tinstall | Tcheck | Ttotal | Status | Flags |
---|---|---|---|---|---|---|
r-devel-linux-x86_64-debian-clang | 0.1.0 | 54.76 | 38.86 | 93.62 | OK | |
r-devel-linux-x86_64-debian-gcc | 0.1.0 | 36.87 | 30.14 | 67.01 | OK | |
r-devel-linux-x86_64-fedora-clang | 0.1.0 | 134.74 | OK | |||
r-devel-linux-x86_64-fedora-gcc | 0.1.0 | 134.02 | OK | |||
r-devel-windows-x86_64 | 0.1.0 | 44.00 | 68.00 | 112.00 | OK | |
r-patched-linux-x86_64 | 0.1.0 | 45.76 | 38.52 | 84.28 | OK | |
r-release-linux-x86_64 | 0.1.0 | 42.72 | 38.36 | 81.08 | OK | |
r-release-macos-arm64 | 0.1.0 | 39.00 | NOTE | |||
r-release-macos-x86_64 | 0.1.0 | 57.00 | NOTE | |||
r-release-windows-x86_64 | 0.1.0 | 58.00 | 75.00 | 133.00 | OK | |
r-oldrel-macos-arm64 | 0.1.0 | 36.00 | NOTE | |||
r-oldrel-macos-x86_64 | 0.1.0 | 46.00 | NOTE | |||
r-oldrel-windows-x86_64 | 0.1.0 | 51.00 | 77.00 | 128.00 | OK |
Version: 0.1.0
Check: installed package size
Result: NOTE
installed size is 8.4Mb
sub-directories of 1Mb or more:
libs 8.2Mb
Flavors: r-release-macos-arm64, r-release-macos-x86_64, r-oldrel-macos-arm64, r-oldrel-macos-x86_64