Last updated on 2023-12-08 05:02:20 CET.
Flavor | Version | Tinstall | Tcheck | Ttotal | Status | Flags |
---|---|---|---|---|---|---|
r-devel-linux-x86_64-debian-clang | 0.1.1 | 2.32 | 28.84 | 31.16 | NOTE | |
r-devel-linux-x86_64-debian-gcc | 0.1.1 | 1.90 | 22.71 | 24.61 | NOTE | |
r-devel-linux-x86_64-fedora-clang | 0.1.1 | 39.81 | OK | |||
r-devel-linux-x86_64-fedora-gcc | 0.1.1 | 37.62 | OK | |||
r-devel-windows-x86_64 | 0.1.1 | 3.00 | 45.00 | 48.00 | OK | |
r-patched-linux-x86_64 | 0.1.1 | 2.48 | 28.79 | 31.27 | OK | |
r-release-linux-x86_64 | 0.1.1 | 2.26 | 28.75 | 31.01 | OK | |
r-release-macos-arm64 | 0.1.1 | 19.00 | OK | |||
r-release-macos-x86_64 | 0.1.1 | 29.00 | OK | |||
r-release-windows-x86_64 | 0.1.1 | 4.00 | 45.00 | 49.00 | OK | |
r-oldrel-macos-arm64 | 0.1.1 | 21.00 | OK | |||
r-oldrel-macos-x86_64 | 0.1.1 | 22.00 | OK | |||
r-oldrel-windows-x86_64 | 0.1.1 | 4.00 | 49.00 | 53.00 | OK |
Version: 0.1.1
Check: Rd files
Result: NOTE
checkRd: (-1) trans.Rd:46: Lost braces; missing escapes or markup?
46 | "Found {trans("file", .n = n_files)} in {trans("directory", .n = n_dirs)}".
| ^
checkRd: (-1) trans.Rd:46: Lost braces; missing escapes or markup?
46 | "Found {trans("file", .n = n_files)} in {trans("directory", .n = n_dirs)}".
| ^
Flavors: r-devel-linux-x86_64-debian-clang, r-devel-linux-x86_64-debian-gcc