CRAN Package Check Results for Package topChef

Last updated on 2024-03-02 04:48:37 CET.

Flavor Version Tinstall Tcheck Ttotal Status Flags
r-devel-linux-x86_64-debian-clang 0.1.0 5.03 52.21 57.24 OK
r-devel-linux-x86_64-debian-gcc 0.1.0 3.72 40.83 44.55 OK
r-devel-linux-x86_64-fedora-clang 0.1.0 71.77 NOTE
r-devel-linux-x86_64-fedora-gcc 0.1.0 80.01 NOTE
r-devel-windows-x86_64 0.1.0 5.00 62.00 67.00 OK
r-patched-linux-x86_64 0.1.0 4.85 51.94 56.79 OK
r-release-linux-x86_64 0.1.0 3.27 52.06 55.33 OK
r-release-macos-arm64 0.1.0 32.00 OK
r-release-macos-x86_64 0.1.0 64.00 OK
r-release-windows-x86_64 0.1.0 8.00 67.00 75.00 OK
r-oldrel-macos-arm64 0.1.0 30.00 OK
r-oldrel-windows-x86_64 0.1.0 7.00 72.00 79.00 OK

Check Details

Version: 0.1.0
Check: data for non-ASCII characters
Result: NOTE Note: found 9 marked UTF-8 strings Flavors: r-devel-linux-x86_64-fedora-clang, r-devel-linux-x86_64-fedora-gcc