Last updated on 2023-09-24 05:53:24 CEST.
Flavor | Version | Tinstall | Tcheck | Ttotal | Status | Flags |
---|---|---|---|---|---|---|
r-devel-linux-x86_64-debian-clang | 0.1.3 | 137.44 | 30.19 | 167.63 | OK | |
r-devel-linux-x86_64-debian-gcc | 0.1.3 | 98.41 | 24.17 | 122.58 | OK | |
r-devel-linux-x86_64-fedora-clang | 0.1.3 | 238.56 | OK | |||
r-devel-linux-x86_64-fedora-gcc | 0.1.3 | 259.12 | OK | |||
r-devel-windows-x86_64 | 0.1.3 | 81.00 | 69.00 | 150.00 | OK | |
r-patched-linux-x86_64 | 0.1.3 | 133.57 | 29.63 | 163.20 | OK | |
r-release-linux-x86_64 | 0.1.3 | 134.19 | 29.44 | 163.63 | OK | |
r-release-macos-arm64 | 0.1.3 | 58.00 | NOTE | |||
r-release-macos-x86_64 | 0.1.3 | 94.00 | NOTE | |||
r-release-windows-x86_64 | 0.1.3 | 87.00 | 76.00 | 163.00 | OK | |
r-oldrel-macos-arm64 | 0.1.3 | 68.00 | NOTE | |||
r-oldrel-macos-x86_64 | 0.1.3 | 85.00 | NOTE | |||
r-oldrel-windows-x86_64 | 0.1.3 | 116.00 | 72.00 | 188.00 | OK |
Version: 0.1.3
Check: installed package size
Result: NOTE
installed size is 6.1Mb
sub-directories of 1Mb or more:
libs 5.1Mb
Flavors: r-release-macos-arm64, r-release-macos-x86_64, r-oldrel-macos-arm64, r-oldrel-macos-x86_64