CRAN Package Check Results for Package tokenbrowser

Last updated on 2024-02-21 04:55:54 CET.

Flavor Version Tinstall Tcheck Ttotal Status Flags
r-devel-linux-x86_64-debian-clang 0.1.5 NOTE
r-devel-linux-x86_64-debian-gcc 0.1.5 18.97 33.89 52.86 NOTE
r-devel-linux-x86_64-fedora-clang 0.1.5 101.35 NOTE
r-devel-linux-x86_64-fedora-gcc 0.1.5 93.19 NOTE
r-devel-windows-x86_64 0.1.5 23.00 79.00 102.00 NOTE
r-patched-linux-x86_64 0.1.5 28.14 42.69 70.83 NOTE
r-release-linux-x86_64 0.1.5 24.81 42.94 67.75 NOTE
r-release-macos-arm64 0.1.5 35.00 NOTE
r-release-macos-x86_64 0.1.5 50.00 NOTE
r-release-windows-x86_64 0.1.5 23.00 90.00 113.00 NOTE
r-oldrel-macos-arm64 0.1.5 37.00 OK
r-oldrel-windows-x86_64 0.1.5 29.00 85.00 114.00 OK

Check Details

Version: 0.1.5
Check: C++ specification
Result: NOTE Specified C++11: please drop specification unless essential Flavors: r-devel-linux-x86_64-debian-clang, r-devel-linux-x86_64-debian-gcc, r-devel-linux-x86_64-fedora-clang, r-devel-linux-x86_64-fedora-gcc, r-devel-windows-x86_64, r-patched-linux-x86_64, r-release-linux-x86_64, r-release-macos-arm64, r-release-macos-x86_64, r-release-windows-x86_64