CRAN Package Check Results for Package togglr

Last updated on 2023-11-29 04:57:39 CET.

Flavor Version Tinstall Tcheck Ttotal Status Flags
r-devel-linux-x86_64-debian-clang 0.1.99 6.66 61.08 67.74 OK
r-devel-linux-x86_64-debian-gcc 0.1.99 5.90 45.46 51.36 OK
r-devel-linux-x86_64-fedora-clang 0.1.99 84.51 NOTE
r-devel-linux-x86_64-fedora-gcc 0.1.99 86.55 NOTE
r-devel-windows-x86_64 0.1.99 8.00 71.00 79.00 OK
r-patched-linux-x86_64 0.1.99 6.73 57.20 63.93 OK
r-release-linux-x86_64 0.1.99 7.55 56.37 63.92 OK
r-release-macos-arm64 0.1.99 36.00 OK
r-release-macos-x86_64 0.1.99 52.00 OK
r-release-windows-x86_64 0.1.99 10.00 73.00 83.00 OK
r-oldrel-macos-arm64 0.1.99 29.00 NOTE
r-oldrel-macos-x86_64 0.1.99 41.00 NOTE
r-oldrel-windows-x86_64 0.1.99 10.00 72.00 82.00 OK

Check Details

Version: 0.1.99
Check: dependencies in R code
Result: NOTE Namespace in Imports field not imported from: ‘memoise’ All declared Imports should be used. Flavors: r-devel-linux-x86_64-fedora-clang, r-devel-linux-x86_64-fedora-gcc, r-oldrel-macos-arm64, r-oldrel-macos-x86_64