CRAN Package Check Results for Package tldr

Last updated on 2024-06-14 05:58:42 CEST.

Flavor Version Tinstall Tcheck Ttotal Status Flags
r-devel-linux-x86_64-debian-clang 0.4.0 2.74 32.13 34.87 OK
r-devel-linux-x86_64-debian-gcc 0.4.0 0.33 1.73 2.06 ERROR
r-devel-linux-x86_64-fedora-clang 0.4.0 44.14 OK
r-devel-linux-x86_64-fedora-gcc 0.4.0 40.29 OK
r-devel-windows-x86_64 0.4.0 4.00 48.00 52.00 OK
r-patched-linux-x86_64 0.4.0 1.83 30.53 32.36 OK
r-release-linux-x86_64 0.4.0 1.73 31.00 32.73 OK
r-release-macos-arm64 0.4.0 18.00 OK
r-release-macos-x86_64 0.4.0 24.00 OK
r-release-windows-x86_64 0.4.0 3.00 50.00 53.00 OK
r-oldrel-macos-arm64 0.4.0 24.00 OK
r-oldrel-macos-x86_64 0.4.0 38.00 OK
r-oldrel-windows-x86_64 0.4.0 4.00 52.00 56.00 OK

Check Details

Version: 0.4.0
Check: package dependencies
Result: ERROR Packages required but not available: 'tableone', 'ggplot2', 'reshape2' See section ‘The DESCRIPTION file’ in the ‘Writing R Extensions’ manual. Flavor: r-devel-linux-x86_64-debian-gcc