Last updated on 2023-12-06 04:56:09 CET.
Flavor | Version | Tinstall | Tcheck | Ttotal | Status | Flags |
---|---|---|---|---|---|---|
r-devel-linux-x86_64-debian-clang | 0.1.0 | 6.74 | 151.42 | 158.16 | NOTE | |
r-devel-linux-x86_64-debian-gcc | 0.1.0 | 6.04 | 117.50 | 123.54 | NOTE | |
r-devel-linux-x86_64-fedora-clang | 0.1.0 | 210.84 | OK | |||
r-devel-linux-x86_64-fedora-gcc | 0.1.0 | 234.82 | OK | |||
r-devel-windows-x86_64 | 0.1.0 | 8.00 | 135.00 | 143.00 | OK | |
r-patched-linux-x86_64 | 0.1.0 | 6.34 | 147.69 | 154.03 | OK | |
r-release-linux-x86_64 | 0.1.0 | 5.44 | 130.98 | 136.42 | OK | |
r-release-macos-arm64 | 0.1.0 | 89.00 | OK | |||
r-release-macos-x86_64 | 0.1.0 | 139.00 | OK | |||
r-release-windows-x86_64 | 0.1.0 | 10.00 | 165.00 | 175.00 | OK | |
r-oldrel-macos-arm64 | 0.1.0 | 91.00 | OK | |||
r-oldrel-macos-x86_64 | 0.1.0 | 81.00 | OK | |||
r-oldrel-windows-x86_64 | 0.1.0 | 10.00 | 165.00 | 175.00 | OK |
Version: 0.1.0
Check: Rd files
Result: NOTE
checkRd: (-1) partition_undirected_graph.Rd:20: Lost braces; missing escapes or markup?
20 | \item{cutoff}{Numeric. The value max(0, g_{i,j} - cutoff) so that there are <\code{.num_components}> components in the graph.}
| ^
Flavors: r-devel-linux-x86_64-debian-clang, r-devel-linux-x86_64-debian-gcc