Last updated on 2023-12-04 05:09:24 CET.
Flavor | Version | Tinstall | Tcheck | Ttotal | Status | Flags |
---|---|---|---|---|---|---|
r-devel-linux-x86_64-debian-clang | 2.1.0 | 3.84 | 42.61 | 46.45 | OK | |
r-devel-linux-x86_64-debian-gcc | 2.1.0 | 2.97 | 33.29 | 36.26 | OK | |
r-devel-linux-x86_64-fedora-clang | 2.1.0 | 58.35 | OK | |||
r-devel-linux-x86_64-fedora-gcc | 2.1.0 | 55.58 | OK | |||
r-devel-windows-x86_64 | 2.1.0 | 5.00 | 58.00 | 63.00 | OK | |
r-patched-linux-x86_64 | 2.1.0 | 2.76 | 41.72 | 44.48 | OK | |
r-release-linux-x86_64 | 2.1.0 | 2.39 | 41.39 | 43.78 | OK | |
r-release-macos-arm64 | 2.1.0 | 23.00 | OK | |||
r-release-macos-x86_64 | 2.1.0 | 33.00 | OK | |||
r-release-windows-x86_64 | 2.1.0 | 5.00 | 61.00 | 66.00 | OK | |
r-oldrel-macos-arm64 | 2.1.0 | 26.00 | OK | |||
r-oldrel-macos-x86_64 | 2.1.0 | 45.00 | ERROR | |||
r-oldrel-windows-x86_64 | 2.1.0 | 7.00 | 65.00 | 72.00 | OK |
Version: 2.1.0
Check: PDF version of manual
Result: WARN
LaTeX errors when creating PDF version.
This typically indicates Rd problems.
LaTeX errors found:
! Illegal parameter number in definition of \Hy@tempa.
<to be read again>
D
l.967 visjs documentation}}
.
! Illegal parameter number in definition of \Hy@tempa.
<to be read again>
D
l.967 visjs documentation}}
.
! Illegal parameter number in definition of \Hy@tempa.
<to be read again>
D
l.967 visjs documentation}}
.
! Illegal parameter number in definition of \Hy@tempa.
<to be read again>
g
l.1023 visjs documentation}}
.
! Illegal parameter number in definition of \Hy@tempa.
<to be read again>
g
l.1023 visjs documentation}}
.
! Illegal parameter number in definition of \Hy@tempa.
<to be read again>
g
l.1023 visjs documentation}}
.
Flavor: r-oldrel-macos-x86_64
Version: 2.1.0
Check: PDF version of manual without index
Result: ERROR
Flavor: r-oldrel-macos-x86_64