Last updated on 2023-11-29 04:57:39 CET.
Flavor | Version | Tinstall | Tcheck | Ttotal | Status | Flags |
---|---|---|---|---|---|---|
r-devel-linux-x86_64-debian-clang | 1.1.3 | 546.66 | 107.33 | 653.99 | NOTE | |
r-devel-linux-x86_64-debian-gcc | 1.1.3 | 339.16 | 79.68 | 418.84 | NOTE | |
r-devel-linux-x86_64-fedora-clang | 1.1.3 | 910.31 | OK | |||
r-devel-linux-x86_64-fedora-gcc | 1.1.3 | 911.96 | OK | |||
r-devel-windows-x86_64 | 1.1.3 | 313.00 | 143.00 | 456.00 | OK | |
r-patched-linux-x86_64 | 1.1.3 | 321.81 | 101.14 | 422.95 | OK | |
r-release-linux-x86_64 | 1.1.3 | 300.09 | 100.44 | 400.53 | OK | |
r-release-macos-arm64 | 1.1.3 | 267.00 | NOTE | |||
r-release-macos-x86_64 | 1.1.3 | 464.00 | NOTE | |||
r-release-windows-x86_64 | 1.1.3 | 428.00 | 187.00 | 615.00 | OK | |
r-oldrel-macos-arm64 | 1.1.3 | 240.00 | NOTE | |||
r-oldrel-macos-x86_64 | 1.1.3 | 322.00 | NOTE | |||
r-oldrel-windows-x86_64 | 1.1.3 | 394.00 | 156.00 | 550.00 | OK |
Version: 1.1.3
Check: Rd files
Result: NOTE
checkRd: (-1) get_tidysq_options.Rd:37: Lost braces
37 | \item tidysq_pillar_max_width [code{integer(1)}]\cr
| ^
checkRd: (-1) read_fasta.Rd:54-55: Lost braces in \itemize; \value handles \item{}{} directly
checkRd: (-1) read_fasta.Rd:56: Lost braces in \itemize; \value handles \item{}{} directly
Flavors: r-devel-linux-x86_64-debian-clang, r-devel-linux-x86_64-debian-gcc
Version: 1.1.3
Check: installed package size
Result: NOTE
installed size is 47.1Mb
sub-directories of 1Mb or more:
libs 46.3Mb
Flavors: r-release-macos-arm64, r-release-macos-x86_64, r-oldrel-macos-arm64, r-oldrel-macos-x86_64