CRAN Package Check Results for Package tidyrules

Last updated on 2023-12-06 04:56:08 CET.

Flavor Version Tinstall Tcheck Ttotal Status Flags
r-devel-linux-x86_64-debian-clang 0.1.5 6.75 95.57 102.32 NOTE
r-devel-linux-x86_64-debian-gcc 0.1.5 5.61 72.23 77.84 NOTE
r-devel-linux-x86_64-fedora-clang 0.1.5 124.08 NOTE
r-devel-linux-x86_64-fedora-gcc 0.1.5 130.58 NOTE
r-devel-windows-x86_64 0.1.5 8.00 94.00 102.00 NOTE
r-patched-linux-x86_64 0.1.5 7.61 90.25 97.86 NOTE
r-release-linux-x86_64 0.1.5 7.07 89.80 96.87 NOTE
r-release-macos-arm64 0.1.5 48.00 NOTE
r-release-macos-x86_64 0.1.5 79.00 NOTE
r-release-windows-x86_64 0.1.5 9.00 107.00 116.00 NOTE
r-oldrel-macos-arm64 0.1.5 35.00 NOTE
r-oldrel-macos-x86_64 0.1.5 52.00 NOTE
r-oldrel-windows-x86_64 0.1.5 9.00 106.00 115.00 NOTE

Check Details

Version: 0.1.5
Check: LazyData
Result: NOTE 'LazyData' is specified without a 'data' directory Flavors: r-devel-linux-x86_64-debian-clang, r-devel-linux-x86_64-debian-gcc, r-devel-linux-x86_64-fedora-clang, r-devel-linux-x86_64-fedora-gcc, r-devel-windows-x86_64, r-patched-linux-x86_64, r-release-linux-x86_64, r-release-macos-arm64, r-release-macos-x86_64, r-release-windows-x86_64, r-oldrel-macos-arm64, r-oldrel-macos-x86_64, r-oldrel-windows-x86_64