Last updated on 2023-12-11 04:51:29 CET.
Flavor | Version | Tinstall | Tcheck | Ttotal | Status | Flags |
---|---|---|---|---|---|---|
r-devel-linux-x86_64-debian-clang | 1.1.1 | 15.08 | 162.21 | 177.29 | OK | |
r-devel-linux-x86_64-debian-gcc | 1.1.1 | 14.09 | 120.38 | 134.47 | OK | |
r-devel-linux-x86_64-fedora-clang | 1.1.1 | 220.84 | NOTE | |||
r-devel-linux-x86_64-fedora-gcc | 1.1.1 | 235.00 | OK | |||
r-devel-windows-x86_64 | 1.1.1 | 16.00 | 127.00 | 143.00 | OK | |
r-patched-linux-x86_64 | 1.1.1 | 14.05 | 157.02 | 171.07 | OK | |
r-release-linux-x86_64 | 1.1.1 | 12.06 | 152.54 | 164.60 | OK | |
r-release-macos-arm64 | 1.1.1 | 69.00 | OK | |||
r-release-macos-x86_64 | 1.1.1 | 167.00 | OK | |||
r-release-windows-x86_64 | 1.1.1 | 21.00 | 156.00 | 177.00 | OK | |
r-oldrel-macos-arm64 | 1.1.1 | 71.00 | OK | |||
r-oldrel-macos-x86_64 | 1.1.1 | 94.00 | OK | |||
r-oldrel-windows-x86_64 | 1.1.1 | 22.00 | 162.00 | 184.00 | OK |
Version: 1.1.1
Check: package dependencies
Result: NOTE
Imports includes 21 non-default packages.
Importing from so many packages makes the package vulnerable to any of
them becoming unavailable. Move as many as possible to Suggests and
use conditionally.
Flavor: r-devel-linux-x86_64-fedora-clang