CRAN Package Check Results for Package tidymodels

Last updated on 2024-06-14 05:58:42 CEST.

Flavor Version Tinstall Tcheck Ttotal Status Flags
r-devel-linux-x86_64-debian-clang 1.2.0 14.37 159.65 174.02 OK
r-devel-linux-x86_64-debian-gcc 1.2.0 0.39 1.74 2.13 ERROR
r-devel-linux-x86_64-fedora-clang 1.2.0 233.82 NOTE
r-devel-linux-x86_64-fedora-gcc 1.2.0 221.78 OK
r-devel-windows-x86_64 1.2.0 14.00 125.00 139.00 OK
r-patched-linux-x86_64 1.2.0 12.42 154.38 166.80 OK
r-release-linux-x86_64 1.2.0 12.93 151.95 164.88 OK
r-release-macos-arm64 1.2.0 63.00 OK
r-release-macos-x86_64 1.2.0 113.00 OK
r-release-windows-x86_64 1.2.0 15.00 130.00 145.00 OK
r-oldrel-macos-arm64 1.2.0 67.00 OK
r-oldrel-macos-x86_64 1.2.0 145.00 OK
r-oldrel-windows-x86_64 1.2.0 20.00 154.00 174.00 OK

Check Details

Version: 1.2.0
Check: package dependencies
Result: ERROR Packages required but not available: 'broom', 'dials', 'dplyr', 'ggplot2', 'hardhat', 'infer', 'modeldata', 'parsnip', 'purrr', 'recipes', 'rsample', 'tibble', 'tidyr', 'tune', 'workflows', 'workflowsets', 'yardstick' Package suggested but not available for checking: ‘testthat’ See section ‘The DESCRIPTION file’ in the ‘Writing R Extensions’ manual. Flavor: r-devel-linux-x86_64-debian-gcc

Version: 1.2.0
Check: package dependencies
Result: NOTE Imports includes 21 non-default packages. Importing from so many packages makes the package vulnerable to any of them becoming unavailable. Move as many as possible to Suggests and use conditionally. Flavor: r-devel-linux-x86_64-fedora-clang