CRAN Package Check Results for Package tidylog

Last updated on 2024-02-25 04:51:20 CET.

Flavor Version Tinstall Tcheck Ttotal Status Flags
r-devel-linux-x86_64-debian-clang 1.0.2 5.30 75.76 81.06 NOTE
r-devel-linux-x86_64-debian-gcc 1.0.2 4.89 58.07 62.96 NOTE
r-devel-linux-x86_64-fedora-clang 1.0.2 99.47 NOTE
r-devel-linux-x86_64-fedora-gcc 1.0.2 108.07 NOTE
r-devel-windows-x86_64 1.0.2 6.00 86.00 92.00 NOTE
r-patched-linux-x86_64 1.0.2 4.09 72.02 76.11 NOTE
r-release-linux-x86_64 1.0.2 3.81 71.99 75.80 NOTE
r-release-macos-arm64 1.0.2 42.00 NOTE
r-release-macos-x86_64 1.0.2 64.00 NOTE
r-release-windows-x86_64 1.0.2 8.00 97.00 105.00 NOTE
r-oldrel-macos-arm64 1.0.2 33.00 NOTE
r-oldrel-windows-x86_64 1.0.2 9.00 102.00 111.00 NOTE

Check Details

Version: 1.0.2
Check: LazyData
Result: NOTE 'LazyData' is specified without a 'data' directory Flavors: r-devel-linux-x86_64-debian-clang, r-devel-linux-x86_64-debian-gcc, r-devel-linux-x86_64-fedora-clang, r-devel-linux-x86_64-fedora-gcc, r-devel-windows-x86_64, r-patched-linux-x86_64, r-release-linux-x86_64, r-release-macos-arm64, r-release-macos-x86_64, r-release-windows-x86_64, r-oldrel-macos-arm64, r-oldrel-windows-x86_64