CRAN Package Check Results for Package tidylda

Last updated on 2023-11-29 04:57:39 CET.

Flavor Version Tinstall Tcheck Ttotal Status Flags
r-devel-linux-x86_64-debian-clang 0.0.3 53.87 142.61 196.48 WARN
r-devel-linux-x86_64-debian-gcc 0.0.3 39.77 105.26 145.03 NOTE
r-devel-linux-x86_64-fedora-clang 0.0.3 273.20 WARN
r-devel-linux-x86_64-fedora-gcc 0.0.3 262.29 OK
r-devel-windows-x86_64 0.0.3 46.00 144.00 190.00 OK
r-patched-linux-x86_64 0.0.3 37.13 135.62 172.75 OK
r-release-linux-x86_64 0.0.3 36.11 135.34 171.45 OK
r-release-macos-arm64 0.0.3 71.00 OK
r-release-macos-x86_64 0.0.3 137.00 OK
r-release-windows-x86_64 0.0.3 57.00 177.00 234.00 OK
r-oldrel-macos-arm64 0.0.3 68.00 OK
r-oldrel-macos-x86_64 0.0.3 104.00 OK
r-oldrel-windows-x86_64 0.0.3 55.00 161.00 216.00 OK

Check Details

Version: 0.0.3
Check: whether package can be installed
Result: WARN Found the following significant warnings: RcppExports.cpp:51:18: warning: format string is not a string literal (potentially insecure) [-Wformat-security] RcppExports.cpp:99:18: warning: format string is not a string literal (potentially insecure) [-Wformat-security] See ‘/home/hornik/tmp/R.check/r-devel-clang/Work/PKGS/tidylda.Rcheck/00install.out’ for details. * used C compiler: ‘Debian clang version 17.0.5 (1)’ * used C++ compiler: ‘Debian clang version 17.0.5 (1)’ Flavor: r-devel-linux-x86_64-debian-clang

Version: 0.0.3
Check: Rd files
Result: NOTE checkRd: (-1) calc_prob_coherence.Rd:33: Lost braces; missing escapes or markup? 33 | For each pair of words {a, b} in the top M words in a topic, probabilistic | ^ checkRd: (-1) calc_prob_coherence.Rd:34: Lost braces; missing escapes or markup? 34 | coherence calculates P(b|a) - P(b), where {a} is more probable than {b} in | ^ checkRd: (-1) calc_prob_coherence.Rd:34: Lost braces; missing escapes or markup? 34 | coherence calculates P(b|a) - P(b), where {a} is more probable than {b} in | ^ checkRd: (-1) calc_prob_coherence.Rd:35: Lost braces; missing escapes or markup? 35 | the topic. For example, suppose the top 4 words in a topic are {a, b, c, d}. | ^ Flavors: r-devel-linux-x86_64-debian-clang, r-devel-linux-x86_64-debian-gcc

Version: 0.0.3
Check: whether package can be installed
Result: WARN Found the following significant warnings: RcppExports.cpp:51:18: warning: format string is not a string literal (potentially insecure) [-Wformat-security] RcppExports.cpp:99:18: warning: format string is not a string literal (potentially insecure) [-Wformat-security] See ‘/data/gannet/ripley/R/packages/tests-clang/tidylda.Rcheck/00install.out’ for details. * used C compiler: ‘clang version 17.0.5’ * used C++ compiler: ‘clang version 17.0.5’ Flavor: r-devel-linux-x86_64-fedora-clang