Last updated on 2023-12-03 04:56:24 CET.
Flavor | Version | Tinstall | Tcheck | Ttotal | Status | Flags |
---|---|---|---|---|---|---|
r-devel-linux-x86_64-debian-clang | 0.4.9 | 6.72 | 66.40 | 73.12 | NOTE | |
r-devel-linux-x86_64-debian-gcc | 0.4.9 | 5.81 | 49.03 | 54.84 | NOTE | |
r-devel-linux-x86_64-fedora-clang | 0.4.9 | 91.34 | NOTE | |||
r-devel-linux-x86_64-fedora-gcc | 0.4.9 | 95.81 | NOTE | |||
r-devel-windows-x86_64 | 0.4.9 | 7.00 | 74.00 | 81.00 | NOTE | |
r-patched-linux-x86_64 | 0.4.9 | 4.79 | 60.64 | 65.43 | OK | |
r-release-linux-x86_64 | 0.4.9 | 4.37 | 60.78 | 65.15 | OK | |
r-release-macos-arm64 | 0.4.9 | 35.00 | OK | |||
r-release-macos-x86_64 | 0.4.9 | 58.00 | OK | |||
r-release-windows-x86_64 | 0.4.9 | 10.00 | 81.00 | 91.00 | OK | |
r-oldrel-macos-arm64 | 0.4.9 | 30.00 | OK | |||
r-oldrel-macos-x86_64 | 0.4.9 | 65.00 | OK | |||
r-oldrel-windows-x86_64 | 0.4.9 | 9.00 | 77.00 | 86.00 | OK |
Version: 0.4.9
Check: Rd \usage sections
Result: NOTE
Documented arguments not in \usage in Rd file 'gate_interactive_chr_int.Rd':
‘gate_list’
Documented arguments not in \usage in Rd file 'gate_programmatic.Rd':
‘...’
Documented arguments not in \usage in Rd file 'gate_programmatic_chr_int.Rd':
‘...’
Functions with \usage entries need to have the appropriate \alias
entries, and all their arguments documented.
The \usage entries must correspond to syntactically valid R code.
See chapter ‘Writing R documentation files’ in the ‘Writing R
Extensions’ manual.
Flavors: r-devel-linux-x86_64-debian-clang, r-devel-linux-x86_64-debian-gcc, r-devel-linux-x86_64-fedora-clang, r-devel-linux-x86_64-fedora-gcc, r-devel-windows-x86_64