CRAN Package Check Results for Package tidygapminder

Last updated on 2024-07-19 05:57:47 CEST.

Flavor Version Tinstall Tcheck Ttotal Status Flags
r-devel-linux-x86_64-debian-clang 0.1.1 1.84 32.44 34.28 NOTE
r-devel-linux-x86_64-debian-gcc 0.1.1 1.65 25.28 26.93 NOTE
r-devel-linux-x86_64-fedora-clang 0.1.1 46.92 NOTE
r-devel-linux-x86_64-fedora-gcc 0.1.1 55.65 NOTE
r-devel-windows-x86_64 0.1.1 5.00 49.00 54.00 NOTE
r-patched-linux-x86_64 0.1.1 1.68 31.06 32.74 NOTE
r-release-linux-x86_64 0.1.1 1.40 31.85 33.25 NOTE
r-release-macos-arm64 0.1.1 26.00 NOTE
r-release-macos-x86_64 0.1.1 36.00 NOTE
r-release-windows-x86_64 0.1.1 3.00 48.00 51.00 NOTE
r-oldrel-macos-arm64 0.1.1 26.00 NOTE
r-oldrel-macos-x86_64 0.1.1 37.00 NOTE
r-oldrel-windows-x86_64 0.1.1 3.00 49.00 52.00 NOTE

Check Details

Version: 0.1.1
Check: LazyData
Result: NOTE 'LazyData' is specified without a 'data' directory Flavors: r-devel-linux-x86_64-debian-clang, r-devel-linux-x86_64-debian-gcc, r-devel-linux-x86_64-fedora-clang, r-devel-linux-x86_64-fedora-gcc, r-devel-windows-x86_64, r-patched-linux-x86_64, r-release-linux-x86_64, r-release-macos-arm64, r-release-macos-x86_64, r-release-windows-x86_64, r-oldrel-macos-arm64, r-oldrel-macos-x86_64, r-oldrel-windows-x86_64

Version: 0.1.1
Check: dependencies in R code
Result: NOTE Namespace in Imports field not imported from: ‘dplyr’ All declared Imports should be used. Flavors: r-devel-linux-x86_64-fedora-clang, r-devel-linux-x86_64-fedora-gcc