Last updated on 2023-12-03 04:56:24 CET.
Flavor | Version | Tinstall | Tcheck | Ttotal | Status | Flags |
---|---|---|---|---|---|---|
r-devel-linux-x86_64-debian-clang | 0.1.2 | 1.62 | 41.41 | 43.03 | OK | |
r-devel-linux-x86_64-debian-gcc | 0.1.2 | 1.74 | 31.02 | 32.76 | OK | |
r-devel-linux-x86_64-fedora-clang | 0.1.2 | 54.80 | NOTE | |||
r-devel-linux-x86_64-fedora-gcc | 0.1.2 | 63.61 | NOTE | |||
r-devel-windows-x86_64 | 0.1.2 | 3.00 | 54.00 | 57.00 | OK | |
r-patched-linux-x86_64 | 0.1.2 | 1.63 | 39.77 | 41.40 | OK | |
r-release-linux-x86_64 | 0.1.2 | 1.40 | 40.01 | 41.41 | OK | |
r-release-macos-arm64 | 0.1.2 | 27.00 | OK | |||
r-release-macos-x86_64 | 0.1.2 | 37.00 | OK | |||
r-release-windows-x86_64 | 0.1.2 | 4.00 | 58.00 | 62.00 | OK | |
r-oldrel-macos-arm64 | 0.1.2 | 24.00 | NOTE | |||
r-oldrel-macos-x86_64 | 0.1.2 | 43.00 | NOTE | |||
r-oldrel-windows-x86_64 | 0.1.2 | 4.00 | 61.00 | 65.00 | OK |
Version: 0.1.2
Check: dependencies in R code
Result: NOTE
Namespace in Imports field not imported from: ‘tidyr’
All declared Imports should be used.
Flavors: r-devel-linux-x86_64-fedora-clang, r-devel-linux-x86_64-fedora-gcc, r-oldrel-macos-arm64, r-oldrel-macos-x86_64