CRAN Package Check Results for Package tidycat

Last updated on 2024-07-19 05:57:47 CEST.

Flavor Version Tinstall Tcheck Ttotal Status Flags
r-devel-linux-x86_64-debian-clang 0.1.2 1.49 48.08 49.57 OK
r-devel-linux-x86_64-debian-gcc 0.1.2 1.85 37.23 39.08 OK
r-devel-linux-x86_64-fedora-clang 0.1.2 67.62 NOTE
r-devel-linux-x86_64-fedora-gcc 0.1.2 74.07 NOTE
r-devel-windows-x86_64 0.1.2 3.00 54.00 57.00 OK
r-patched-linux-x86_64 0.1.2 1.75 46.29 48.04 OK
r-release-linux-x86_64 0.1.2 1.50 47.44 48.94 OK
r-release-macos-arm64 0.1.2 27.00 OK
r-release-macos-x86_64 0.1.2 41.00 OK
r-release-windows-x86_64 0.1.2 3.00 55.00 58.00 OK
r-oldrel-macos-arm64 0.1.2 27.00 OK
r-oldrel-macos-x86_64 0.1.2 37.00 OK
r-oldrel-windows-x86_64 0.1.2 4.00 60.00 64.00 OK

Check Details

Version: 0.1.2
Check: dependencies in R code
Result: NOTE Namespace in Imports field not imported from: ‘tidyr’ All declared Imports should be used. Flavors: r-devel-linux-x86_64-fedora-clang, r-devel-linux-x86_64-fedora-gcc