Last updated on 2023-12-08 05:02:20 CET.
Flavor | Version | Tinstall | Tcheck | Ttotal | Status | Flags |
---|---|---|---|---|---|---|
r-devel-linux-x86_64-debian-clang | 0.1.0 | 2.30 | 42.48 | 44.78 | NOTE | |
r-devel-linux-x86_64-debian-gcc | 0.1.0 | 2.33 | 32.88 | 35.21 | NOTE | |
r-devel-linux-x86_64-fedora-clang | 0.1.0 | 62.48 | NOTE | |||
r-devel-linux-x86_64-fedora-gcc | 0.1.0 | 68.53 | NOTE | |||
r-devel-windows-x86_64 | 0.1.0 | 4.00 | 61.00 | 65.00 | OK | |
r-patched-linux-x86_64 | 0.1.0 | 2.81 | 42.38 | 45.19 | OK | |
r-release-linux-x86_64 | 0.1.0 | 2.65 | 41.20 | 43.85 | OK | |
r-release-macos-arm64 | 0.1.0 | 32.00 | OK | |||
r-release-macos-x86_64 | 0.1.0 | 44.00 | OK | |||
r-release-windows-x86_64 | 0.1.0 | 5.00 | 64.00 | 69.00 | OK | |
r-oldrel-macos-arm64 | 0.1.0 | 22.00 | NOTE | |||
r-oldrel-macos-x86_64 | 0.1.0 | 36.00 | NOTE | |||
r-oldrel-windows-x86_64 | 0.1.0 | 6.00 | 60.00 | 66.00 | OK |
Version: 0.1.0
Check: Rd files
Result: NOTE
checkRd: (-1) bin_cols.Rd:50: Lost braces in \itemize; meant \describe ?
checkRd: (-1) bin_cols.Rd:51: Lost braces in \itemize; meant \describe ?
checkRd: (-1) bin_cols.Rd:52: Lost braces in \itemize; meant \describe ?
checkRd: (-1) bin_cols.Rd:53: Lost braces in \itemize; meant \describe ?
checkRd: (-1) bin_cols.Rd:54: Lost braces in \itemize; meant \describe ?
checkRd: (-1) bin_cols.Rd:55: Lost braces in \itemize; meant \describe ?
checkRd: (-1) bin_cols.Rd:56: Lost braces in \itemize; meant \describe ?
checkRd: (-1) bin_cols.Rd:57: Lost braces in \itemize; meant \describe ?
checkRd: (-1) bin_cols.Rd:58: Lost braces in \itemize; meant \describe ?
Flavors: r-devel-linux-x86_64-debian-clang, r-devel-linux-x86_64-debian-gcc
Version: 0.1.0
Check: dependencies in R code
Result: NOTE
Namespaces in Imports field not imported from:
‘badger’ ‘ggplot2’ ‘lubridate’ ‘scales’ ‘xgboost’
All declared Imports should be used.
Flavors: r-devel-linux-x86_64-fedora-clang, r-devel-linux-x86_64-fedora-gcc, r-oldrel-macos-arm64, r-oldrel-macos-x86_64